{"id":1151,"date":"2020-09-23T14:50:56","date_gmt":"2020-09-23T12:50:56","guid":{"rendered":"https:\/\/conteurspro.fr\/site\/?page_id=1151"},"modified":"2026-01-21T16:07:48","modified_gmt":"2026-01-21T15:07:48","slug":"commission-memoire-les-videos","status":"publish","type":"page","link":"https:\/\/conteurspro.fr\/site\/commission-memoire-les-videos\/","title":{"rendered":"Commission \u00ab\u00a0M\u00e9moire\u00a0\u00bb: les Vid\u00e9os"},"content":{"rendered":"\n<p><strong>La Commission M\u00e9moire est n\u00e9e lors de l\u2019Assembl\u00e9e G\u00e9n\u00e9rale de l\u2019APACC de septembre 2014<\/strong> <strong>et s&rsquo;est cl\u00f4tur\u00e9e \u00e0 l&rsquo;AG de septembre 2025. <\/strong><\/p>\n\n\n\n<p><strong>Son objectif \u00e9tait de documenter l\u2019historique du renouveau du conte en France, que nous situons entre 1970 et 1987, tel qu\u2019il a \u00e9t\u00e9 v\u00e9cu directement par les conteur\u00b7ses de cette p\u00e9riode.<\/strong><\/p>\n\n\n\n<p><strong>S<em>on b<\/em>ut <\/strong>: <strong>transmettre cette histoire collective<\/strong> aux membres de l&rsquo;APACC, aux jeunes conteur\u00b7ses actuel\u00b7les et futur\u00b7es, au-del\u00e0 de cette association.<\/p>\n\n\n\n<p>En effet, ces <strong>\u00e9changes interg\u00e9n\u00e9rationnels<\/strong> donnent acc\u00e8s \u00e0<strong> l\u2019histoire du m\u00e9tier,<\/strong> permettant un enracinement et des fortifications internes pour les conteur.es, cr\u00e9ant <strong>une continuit\u00e9<\/strong> et <strong>de la coh\u00e9sion entre les g\u00e9n\u00e9rations<\/strong>. <strong>Ceci participe \u00e0 donner du cr\u00e9dit \u00e0 la profession<\/strong>.<\/p>\n\n\n\n<p class=\"has-text-align-left\"><em><strong>Sa mise en \u0153uvre<\/strong><\/em> : des <strong>entretiens film\u00e9s<\/strong> d&rsquo;un conteur ou d&rsquo;une conteuse&nbsp;de cette \u00e9poque, par des conteurs et conteuses de l&rsquo;APACC, en suivant une m\u00eame <strong>grille d&rsquo;entretien<\/strong>.&nbsp;Tous les conteurs et conteuses interrog\u00e9\u00b7es ont donn\u00e9 leur accord pour leur <strong>diffusion<\/strong>.<\/p>\n\n\n\n<p class=\"has-text-align-left has-black-color has-cyan-bluish-gray-background-color has-text-color has-background has-medium-font-size\"><strong>Au total, 51 vid\u00e9os ont \u00e9t\u00e9 r\u00e9alis\u00e9es et sont visibles ci-dessous.<\/strong><\/p>\n\n\n\n<p><strong>Pour en savoir plus sur cette aventure de dix ans, rendez-vous sur la page <a href=\"https:\/\/conteurspro.fr\/site\/commission-memoire\/\">\u00ab\u00a0Portrait de la Commission M\u00e9moire\u00a0\u00bb. <\/a><\/strong><\/p>\n\n\n\n<p>D\u00e9couvrez le<strong> teaser ludique et po\u00e9tique,<\/strong> cr\u00e9\u00e9 pour inviter \u00e0 regarder toutes ces vid\u00e9os ! <em><strong>Le Conte nous parle, <\/strong>\u00e9coutons le!<\/em><\/p>\n\n\n\n<p class=\"has-contrast-color has-luminous-vivid-amber-to-luminous-vivid-orange-gradient-background has-text-color has-background\">Les vid\u00e9os sont d\u00e9pos\u00e9es <strong>par ordre alphab\u00e9tique<\/strong> (apr\u00e8s le teaser) : n&rsquo;h\u00e9sitez pas \u00e0 d\u00e9rouler la page.<\/p>\n\n\n\n<figure class=\"wp-block-embed is-type-video is-provider-vimeo wp-block-embed-vimeo\"><div class=\"wp-block-embed__wrapper\">\nhttps:\/\/vimeo.com\/908636954?share=copy\n<\/div><figcaption class=\"wp-element-caption\">\u00ab\u00a0Le Conte\u00a0\u00bb nous parle de sa vie depuis le d\u00e9but des temps jusqu&rsquo;\u00e0 son \u00ab\u00a0Renouveau!\u00a0\u00bb <strong>Une introduction ludique invitant \u00e0 \u00e9couter les vid\u00e9os des artistes conteurs de cette p\u00e9riode<\/strong>. Dur\u00e9e: 2,51 mn. Production Apacc 2024. R\u00e9alisation : H\u00e9l\u00e8ne Butaeye et Samuel Lebrun, en collaboration avec les membres de la Commission M\u00e9moire Apacc. Voix off : Samuel Lebrun.<\/figcaption><\/figure>\n\n\n\n<figure class=\"wp-block-embed is-type-video is-provider-vimeo wp-block-embed-vimeo wp-embed-aspect-16-9 wp-has-aspect-ratio\"><div class=\"wp-block-embed__wrapper\">\nhttps:\/\/vimeo.com\/1065027682\n<\/div><\/figure>\n\n\n\n<p>DIAPORAMA COMMISSION M\u00c9MOIRE 2014-2025 &#8211; R\u00e9alisation Nathalie Prokhoris et les membres de la Commission M\u00e9moires Apacc. Photos souvenirs des entretiens, mont\u00e9s en musiques. 2 mn.<\/p>\n\n\n\n<figure class=\"wp-block-embed is-type-video is-provider-vimeo wp-block-embed-vimeo wp-embed-aspect-16-9 wp-has-aspect-ratio\"><div class=\"wp-block-embed__wrapper\">\nhttps:\/\/vimeo.com\/267096372\/622915856c\n<\/div><figcaption class=\"wp-element-caption\">RICHARD AB\u00c9C\u00c9RA<\/figcaption><\/figure>\n\n\n\n<figure class=\"wp-block-embed is-type-video is-provider-vimeo wp-block-embed-vimeo wp-embed-aspect-16-9 wp-has-aspect-ratio\"><div class=\"wp-block-embed__wrapper\">\nhttps:\/\/vimeo.com\/356030531\n<\/div><figcaption class=\"wp-element-caption\">\u00c9VELYNE ALBR\u00c9<\/figcaption><\/figure>\n\n\n\n<figure class=\"wp-block-embed is-type-video is-provider-vimeo wp-block-embed-vimeo wp-embed-aspect-16-9 wp-has-aspect-ratio\"><div class=\"wp-block-embed__wrapper\">\nhttps:\/\/vimeo.com\/584892098\n<\/div><figcaption class=\"wp-element-caption\">CLAUDE ALRANQ<br><br><\/figcaption><\/figure>\n\n\n\n<figure class=\"wp-block-embed is-type-video is-provider-vimeo wp-block-embed-vimeo wp-embed-aspect-16-9 wp-has-aspect-ratio\"><div class=\"wp-block-embed__wrapper\">\nhttps:\/\/vimeo.com\/810927345\n<\/div><figcaption class=\"wp-element-caption\">SUZANNA AZQUINEZER<\/figcaption><\/figure>\n\n\n\n<figure class=\"wp-block-embed is-type-video is-provider-vimeo wp-block-embed-vimeo wp-embed-aspect-16-9 wp-has-aspect-ratio\"><div class=\"wp-block-embed__wrapper\">\nhttps:\/\/vimeo.com\/1058331223\n<\/div><\/figure>\n\n\n\n<p>BERNADETTE BIDAUDE<\/p>\n\n\n\n<figure class=\"wp-block-embed is-type-video is-provider-vimeo wp-block-embed-vimeo wp-embed-aspect-16-9 wp-has-aspect-ratio\"><div class=\"wp-block-embed__wrapper\">\nhttps:\/\/vimeo.com\/270177482\n<\/div><figcaption class=\"wp-element-caption\">MURIEL BLOCH<\/figcaption><\/figure>\n\n\n\n<figure class=\"wp-block-embed is-type-video is-provider-vimeo wp-block-embed-vimeo wp-embed-aspect-16-9 wp-has-aspect-ratio\"><div class=\"wp-block-embed__wrapper\">\nhttps:\/\/vimeo.com\/267112020\n<\/div><figcaption class=\"wp-element-caption\">HAMED BOUZZINE<\/figcaption><\/figure>\n\n\n\n<figure class=\"wp-block-embed is-type-video is-provider-vimeo wp-block-embed-vimeo wp-embed-aspect-16-9 wp-has-aspect-ratio\"><div class=\"wp-block-embed__wrapper\">\nhttps:\/\/vimeo.com\/594513059\n<\/div><figcaption class=\"wp-element-caption\">TH\u00c9R\u00c8SE CANET<\/figcaption><\/figure>\n\n\n\n<figure class=\"wp-block-embed is-type-video is-provider-vimeo wp-block-embed-vimeo wp-embed-aspect-16-9 wp-has-aspect-ratio\"><div class=\"wp-block-embed__wrapper\">\nhttps:\/\/vimeo.com\/293975676\n<\/div><figcaption class=\"wp-element-caption\">SAM CANNAROZZI<\/figcaption><\/figure>\n\n\n\n<figure class=\"wp-block-embed is-type-video is-provider-vimeo wp-block-embed-vimeo wp-embed-aspect-16-9 wp-has-aspect-ratio\"><div class=\"wp-block-embed__wrapper\">\nhttps:\/\/vimeo.com\/803263433\n<\/div><figcaption class=\"wp-element-caption\">HENRI CAZAUX<\/figcaption><\/figure>\n\n\n\n<figure class=\"wp-block-embed is-type-video is-provider-vimeo wp-block-embed-vimeo wp-embed-aspect-16-9 wp-has-aspect-ratio\"><div class=\"wp-block-embed__wrapper\">\nhttps:\/\/vimeo.com\/355957006\n<\/div><figcaption class=\"wp-element-caption\">\u00c9VELYNE C\u00c9VIN<\/figcaption><\/figure>\n\n\n\n<figure class=\"wp-block-embed is-type-video is-provider-vimeo wp-block-embed-vimeo wp-embed-aspect-16-9 wp-has-aspect-ratio\"><div class=\"wp-block-embed__wrapper\">\nhttps:\/\/vimeo.com\/267120530\n<\/div><figcaption class=\"wp-element-caption\">AGN\u00c8S CHAVANON<\/figcaption><\/figure>\n\n\n\n<figure class=\"wp-block-embed is-type-video is-provider-vimeo wp-block-embed-vimeo wp-embed-aspect-16-9 wp-has-aspect-ratio\"><div class=\"wp-block-embed__wrapper\">\nhttps:\/\/vimeo.com\/803895057\n<\/div><figcaption class=\"wp-element-caption\">BERNARD CH\u00c8ZE<\/figcaption><\/figure>\n\n\n\n<figure class=\"wp-block-embed is-type-video is-provider-vimeo wp-block-embed-vimeo wp-embed-aspect-16-9 wp-has-aspect-ratio\"><div class=\"wp-block-embed__wrapper\">\nhttps:\/\/vimeo.com\/292912682\n<\/div><figcaption class=\"wp-element-caption\">JIHAD DARWICHE<\/figcaption><\/figure>\n\n\n\n<figure class=\"wp-block-embed is-type-video is-provider-vimeo wp-block-embed-vimeo wp-embed-aspect-16-9 wp-has-aspect-ratio\"><div class=\"wp-block-embed__wrapper\">\nhttps:\/\/vimeo.com\/782665408?share=copy\n<\/div><figcaption class=\"wp-element-caption\">GUTH DESPREZ<\/figcaption><\/figure>\n\n\n\n<figure class=\"wp-block-embed is-type-video is-provider-vimeo wp-block-embed-vimeo wp-embed-aspect-16-9 wp-has-aspect-ratio\"><div class=\"wp-block-embed__wrapper\">\nhttps:\/\/vimeo.com\/293962241\n<\/div><figcaption class=\"wp-element-caption\">JEAN DONAGAN<\/figcaption><\/figure>\n\n\n\n<figure class=\"wp-block-embed is-type-video is-provider-vimeo wp-block-embed-vimeo wp-embed-aspect-16-9 wp-has-aspect-ratio\"><div class=\"wp-block-embed__wrapper\">\nhttps:\/\/vimeo.com\/293971170\n<\/div><figcaption class=\"wp-element-caption\">PATRICK EWEN<\/figcaption><\/figure>\n\n\n\n<figure class=\"wp-block-embed is-type-video is-provider-vimeo wp-block-embed-vimeo wp-embed-aspect-16-9 wp-has-aspect-ratio\"><div class=\"wp-block-embed__wrapper\">\nhttps:\/\/vimeo.com\/845675913?share=copy\n<\/div><figcaption class=\"wp-element-caption\">COLETTE ESTIN<\/figcaption><\/figure>\n\n\n\n<figure class=\"wp-block-embed is-type-video is-provider-vimeo wp-block-embed-vimeo wp-embed-aspect-16-9 wp-has-aspect-ratio\"><div class=\"wp-block-embed__wrapper\">\nhttps:\/\/vimeo.com\/594502929\n<\/div><figcaption class=\"wp-element-caption\">PASCAL FAULIOT<\/figcaption><\/figure>\n\n\n\n<figure class=\"wp-block-embed is-type-video is-provider-vimeo wp-block-embed-vimeo wp-embed-aspect-16-9 wp-has-aspect-ratio\"><div class=\"wp-block-embed__wrapper\">\nhttps:\/\/vimeo.com\/594505514\n<\/div><figcaption class=\"wp-element-caption\">PATRICK FISCHMANN<\/figcaption><\/figure>\n\n\n\n<figure class=\"wp-block-embed is-type-video is-provider-vimeo wp-block-embed-vimeo wp-embed-aspect-16-9 wp-has-aspect-ratio\"><div class=\"wp-block-embed__wrapper\">\nhttps:\/\/vimeo.com\/272020721\n<\/div><figcaption class=\"wp-element-caption\">ALAIN GAUSSEL<\/figcaption><\/figure>\n\n\n\n<figure class=\"wp-block-embed is-type-video is-provider-vimeo wp-block-embed-vimeo wp-embed-aspect-16-9 wp-has-aspect-ratio\"><div class=\"wp-block-embed__wrapper\">\nhttps:\/\/vimeo.com\/262260747\n<\/div><figcaption class=\"wp-element-caption\">PRALINE GAY PARA<\/figcaption><\/figure>\n\n\n\n<figure class=\"wp-block-embed is-type-video is-provider-vimeo wp-block-embed-vimeo wp-embed-aspect-16-9 wp-has-aspect-ratio\"><div class=\"wp-block-embed__wrapper\">\nhttps:\/\/vimeo.com\/319018279\n<\/div><figcaption class=\"wp-element-caption\">HENRI GOUGAUD<\/figcaption><\/figure>\n\n\n\n<figure class=\"wp-block-embed is-type-video is-provider-vimeo wp-block-embed-vimeo wp-embed-aspect-16-9 wp-has-aspect-ratio\"><div class=\"wp-block-embed__wrapper\">\nhttps:\/\/vimeo.com\/275140762\n<\/div><figcaption class=\"wp-element-caption\">LUCIEN GOURONG<\/figcaption><\/figure>\n\n\n\n<figure class=\"wp-block-embed is-type-video is-provider-vimeo wp-block-embed-vimeo wp-embed-aspect-16-9 wp-has-aspect-ratio\"><div class=\"wp-block-embed__wrapper\">\nhttps:\/\/vimeo.com\/293981067\n<\/div><figcaption class=\"wp-element-caption\">JEAN GUILLON<\/figcaption><\/figure>\n\n\n\n<figure class=\"wp-block-embed is-type-video is-provider-vimeo wp-block-embed-vimeo wp-embed-aspect-16-9 wp-has-aspect-ratio\"><div class=\"wp-block-embed__wrapper\">\nhttps:\/\/vimeo.com\/260024117\n<\/div><figcaption class=\"wp-element-caption\">MICHEL HINDENOCH<\/figcaption><\/figure>\n\n\n\n<figure class=\"wp-block-embed is-type-video is-provider-vimeo wp-block-embed-vimeo wp-embed-aspect-16-9 wp-has-aspect-ratio\"><div class=\"wp-block-embed__wrapper\">\nhttps:\/\/vimeo.com\/594515574\n<\/div><figcaption class=\"wp-element-caption\">YANNICK JAULIN<\/figcaption><\/figure>\n\n\n\n<figure class=\"wp-block-embed is-type-video is-provider-vimeo wp-block-embed-vimeo wp-embed-aspect-16-9 wp-has-aspect-ratio\"><div class=\"wp-block-embed__wrapper\">\nhttps:\/\/vimeo.com\/293985155\n<\/div><figcaption class=\"wp-element-caption\">ANNIE KISS<\/figcaption><\/figure>\n\n\n\n<figure class=\"wp-block-embed is-type-video is-provider-vimeo wp-block-embed-vimeo wp-embed-aspect-16-9 wp-has-aspect-ratio\"><div class=\"wp-block-embed__wrapper\">\nhttps:\/\/vimeo.com\/275147321\n<\/div><figcaption class=\"wp-element-caption\">JEAN LOUIS LE CRAVER<\/figcaption><\/figure>\n\n\n\n<figure class=\"wp-block-embed is-type-video is-provider-vimeo wp-block-embed-vimeo wp-embed-aspect-16-9 wp-has-aspect-ratio\"><div class=\"wp-block-embed__wrapper\">\nhttps:\/\/vimeo.com\/273279101\n<\/div><figcaption class=\"wp-element-caption\">ALAIN LE GOFF<\/figcaption><\/figure>\n\n\n\n<figure class=\"wp-block-embed is-type-video is-provider-vimeo wp-block-embed-vimeo wp-embed-aspect-16-9 wp-has-aspect-ratio\"><div class=\"wp-block-embed__wrapper\">\nhttps:\/\/vimeo.com\/260032900\n<\/div><figcaption class=\"wp-element-caption\">DANIEL LHOMOND<\/figcaption><\/figure>\n\n\n\n<figure class=\"wp-block-embed is-type-video is-provider-vimeo wp-block-embed-vimeo wp-embed-aspect-16-9 wp-has-aspect-ratio\"><div class=\"wp-block-embed__wrapper\">\nhttps:\/\/vimeo.com\/270147238\n<\/div><figcaption class=\"wp-element-caption\">H\u00c9L\u00c8NE LOUP<\/figcaption><\/figure>\n\n\n\n<figure class=\"wp-block-embed is-type-video is-provider-vimeo wp-block-embed-vimeo wp-embed-aspect-16-9 wp-has-aspect-ratio\"><div class=\"wp-block-embed__wrapper\">\nhttps:\/\/vimeo.com\/408317598\n<\/div><figcaption class=\"wp-element-caption\">\u00c9DITH MAC LEOD<\/figcaption><\/figure>\n\n\n\n<figure class=\"wp-block-embed is-type-video is-provider-vimeo wp-block-embed-vimeo wp-embed-aspect-16-9 wp-has-aspect-ratio\"><div class=\"wp-block-embed__wrapper\">\nhttps:\/\/vimeo.com\/275136657\n<\/div><figcaption class=\"wp-element-caption\">FIONA MAC LEOD<\/figcaption><\/figure>\n\n\n\n<figure class=\"wp-block-embed is-type-video is-provider-vimeo wp-block-embed-vimeo wp-embed-aspect-16-9 wp-has-aspect-ratio\"><div class=\"wp-block-embed__wrapper\">\nhttps:\/\/vimeo.com\/355960982\n<\/div><figcaption class=\"wp-element-caption\">MARIE ISABELLE MERLET<\/figcaption><\/figure>\n\n\n\n<figure class=\"wp-block-embed is-type-video is-provider-vimeo wp-block-embed-vimeo wp-embed-aspect-16-9 wp-has-aspect-ratio\"><div class=\"wp-block-embed__wrapper\">\nhttps:\/\/vimeo.com\/292904579\n<\/div><figcaption class=\"wp-element-caption\">ABBI PATRIX<\/figcaption><\/figure>\n\n\n\n<figure class=\"wp-block-embed is-type-video is-provider-vimeo wp-block-embed-vimeo wp-embed-aspect-16-9 wp-has-aspect-ratio\"><div class=\"wp-block-embed__wrapper\">\nhttps:\/\/vimeo.com\/812383568\n<\/div><figcaption class=\"wp-element-caption\">CLAUDIE OBIN<\/figcaption><\/figure>\n\n\n\n<figure class=\"wp-block-embed is-type-video is-provider-vimeo wp-block-embed-vimeo wp-embed-aspect-16-9 wp-has-aspect-ratio\"><div class=\"wp-block-embed__wrapper\">\nhttps:\/\/vimeo.com\/594500535\n<\/div><figcaption class=\"wp-element-caption\">MANFEI OBIN<\/figcaption><\/figure>\n\n\n\n<figure class=\"wp-block-embed is-type-video is-provider-vimeo wp-block-embed-vimeo wp-embed-aspect-16-9 wp-has-aspect-ratio\"><div class=\"wp-block-embed__wrapper\">\nhttps:\/\/vimeo.com\/782651514\n<\/div><figcaption class=\"wp-element-caption\">TH\u00c9R\u00c8SE PERRAS<\/figcaption><\/figure>\n\n\n\n<figure class=\"wp-block-embed is-type-video is-provider-vimeo wp-block-embed-vimeo wp-embed-aspect-16-9 wp-has-aspect-ratio\"><div class=\"wp-block-embed__wrapper\">\nhttps:\/\/vimeo.com\/922162098?share=copy\n<\/div><figcaption class=\"wp-element-caption\">G\u00c9RARD POTIER<\/figcaption><\/figure>\n\n\n\n<figure class=\"wp-block-embed is-type-video is-provider-vimeo wp-block-embed-vimeo wp-embed-aspect-16-9 wp-has-aspect-ratio\"><div class=\"wp-block-embed__wrapper\">\nhttps:\/\/vimeo.com\/262283021\n<\/div><figcaption class=\"wp-element-caption\">PASCAL QU\u00c9R\u00c9<\/figcaption><\/figure>\n\n\n\n<figure class=\"wp-block-embed is-type-video is-provider-vimeo wp-block-embed-vimeo wp-embed-aspect-16-9 wp-has-aspect-ratio\"><div class=\"wp-block-embed__wrapper\">\nhttps:\/\/vimeo.com\/292916236\n<\/div><figcaption class=\"wp-element-caption\">TH\u00c9\u00c2TRE A BRETELLES<\/figcaption><\/figure>\n\n\n\n<figure class=\"wp-block-embed is-type-video is-provider-vimeo wp-block-embed-vimeo wp-embed-aspect-16-9 wp-has-aspect-ratio\"><div class=\"wp-block-embed__wrapper\">\nhttps:\/\/vimeo.com\/584930479\n<\/div><figcaption class=\"wp-element-caption\">FRAN\u00c7OISE RICHARD<\/figcaption><\/figure>\n\n\n\n<figure class=\"wp-block-embed is-type-video is-provider-vimeo wp-block-embed-vimeo wp-embed-aspect-16-9 wp-has-aspect-ratio\"><div class=\"wp-block-embed__wrapper\">\nhttps:\/\/vimeo.com\/272002249\n<\/div><figcaption class=\"wp-element-caption\">BRUNO DE LA SALLE<\/figcaption><\/figure>\n\n\n\n<figure class=\"wp-block-embed is-type-video is-provider-vimeo wp-block-embed-vimeo wp-embed-aspect-16-9 wp-has-aspect-ratio\"><div class=\"wp-block-embed__wrapper\">\nhttps:\/\/vimeo.com\/922446074?share=copy\n<\/div><figcaption class=\"wp-element-caption\">CHRISTIAN TARDIF<\/figcaption><\/figure>\n\n\n\n<figure class=\"wp-block-embed is-type-video is-provider-vimeo wp-block-embed-vimeo wp-embed-aspect-16-9 wp-has-aspect-ratio\"><div class=\"wp-block-embed__wrapper\">\nhttps:\/\/vimeo.com\/584912495\n<\/div><figcaption class=\"wp-element-caption\">FABIENNE THIERRY<\/figcaption><\/figure>\n\n\n\n<p><\/p>\n\n\n\n<figure class=\"wp-block-embed is-type-video is-provider-vimeo wp-block-embed-vimeo wp-embed-aspect-16-9 wp-has-aspect-ratio\"><div class=\"wp-block-embed__wrapper\">\nhttps:\/\/vimeo.com\/584943524\n<\/div><figcaption class=\"wp-element-caption\">TSVIKA<\/figcaption><\/figure>\n\n\n\n<figure class=\"wp-block-embed is-type-video is-provider-vimeo wp-block-embed-vimeo wp-embed-aspect-16-9 wp-has-aspect-ratio\"><div class=\"wp-block-embed__wrapper\">\nhttps:\/\/vimeo.com\/408322433\n<\/div><figcaption class=\"wp-element-caption\">BRUNO WALERSKI<\/figcaption><\/figure>\n\n\n\n<figure class=\"wp-block-embed is-type-video is-provider-vimeo wp-block-embed-vimeo wp-embed-aspect-16-9 wp-has-aspect-ratio\"><div class=\"wp-block-embed__wrapper\">\nhttps:\/\/vimeo.com\/594510515\n<\/div><figcaption class=\"wp-element-caption\">PATRICE WEISS<\/figcaption><\/figure>\n\n\n\n<figure class=\"wp-block-embed is-type-video is-provider-vimeo wp-block-embed-vimeo wp-embed-aspect-16-9 wp-has-aspect-ratio\"><div class=\"wp-block-embed__wrapper\">\nhttps:\/\/vimeo.com\/263295498\n<\/div><figcaption class=\"wp-element-caption\">CATHERINE ZARCATE<\/figcaption><\/figure>\n\n\n\n<figure class=\"wp-block-embed is-type-video is-provider-vimeo wp-block-embed-vimeo wp-embed-aspect-16-9 wp-has-aspect-ratio\"><div class=\"wp-block-embed__wrapper\">\nhttps:\/\/vimeo.com\/355954079\n<\/div><figcaption class=\"wp-element-caption\">BEN ZIMET<\/figcaption><\/figure>\n","protected":false},"excerpt":{"rendered":"<p>La Commission M\u00e9moire est n\u00e9e lors de l\u2019Assembl\u00e9e G\u00e9n\u00e9rale de l\u2019APACC de septembre 2014 et s&rsquo;est cl\u00f4tur\u00e9e \u00e0 l&rsquo;AG de septembre 2025. Son objectif \u00e9tait de documenter l\u2019historique du renouveau du conte en France, que nous situons entre 1970 et 1987, tel qu\u2019il a \u00e9t\u00e9 v\u00e9cu directement par les conteur\u00b7ses de cette p\u00e9riode. Son but : transmettre cette histoire collective aux membres de l&rsquo;APACC, aux jeunes conteur\u00b7ses actuel\u00b7les et futur\u00b7es, au-del\u00e0 de cette association. En effet, ces \u00e9changes interg\u00e9n\u00e9rationnels donnent acc\u00e8s \u00e0 l\u2019histoire du m\u00e9tier, permettant un enracinement et des fortifications internes pour les conteur.es, cr\u00e9ant une continuit\u00e9 et de la coh\u00e9sion entre les g\u00e9n\u00e9rations. Ceci participe \u00e0 donner du cr\u00e9dit \u00e0 la profession. Sa mise en \u0153uvre : des entretiens film\u00e9s d&rsquo;un conteur ou d&rsquo;une conteuse&nbsp;de cette \u00e9poque, par des conteurs et conteuses de l&rsquo;APACC, en suivant une m\u00eame grille d&rsquo;entretien.&nbsp;Tous les conteurs et conteuses interrog\u00e9\u00b7es ont donn\u00e9 leur accord pour leur diffusion. Au total, 51 vid\u00e9os ont \u00e9t\u00e9 r\u00e9alis\u00e9es et sont visibles ci-dessous. Pour en savoir plus sur cette aventure de dix ans, rendez-vous sur la page \u00ab\u00a0Portrait de la Commission M\u00e9moire\u00a0\u00bb. D\u00e9couvrez le teaser ludique et po\u00e9tique, cr\u00e9\u00e9 pour inviter \u00e0 regarder toutes ces vid\u00e9os ! Le Conte nous parle, \u00e9coutons le! Les vid\u00e9os sont d\u00e9pos\u00e9es par ordre alphab\u00e9tique (apr\u00e8s le teaser) : n&rsquo;h\u00e9sitez pas \u00e0 d\u00e9rouler la page. DIAPORAMA COMMISSION M\u00c9MOIRE 2014-2025 &#8211; R\u00e9alisation Nathalie Prokhoris et les membres de la Commission M\u00e9moires Apacc. Photos souvenirs des entretiens, mont\u00e9s en musiques. 2 mn. BERNADETTE BIDAUDE<\/p>\n","protected":false},"author":15,"featured_media":0,"parent":0,"menu_order":0,"comment_status":"closed","ping_status":"closed","template":"","meta":{"footnotes":""},"class_list":["post-1151","page","type-page","status-publish","hentry"],"_links":{"self":[{"href":"https:\/\/conteurspro.fr\/site\/wp-json\/wp\/v2\/pages\/1151","targetHints":{"allow":["GET"]}}],"collection":[{"href":"https:\/\/conteurspro.fr\/site\/wp-json\/wp\/v2\/pages"}],"about":[{"href":"https:\/\/conteurspro.fr\/site\/wp-json\/wp\/v2\/types\/page"}],"author":[{"embeddable":true,"href":"https:\/\/conteurspro.fr\/site\/wp-json\/wp\/v2\/users\/15"}],"replies":[{"embeddable":true,"href":"https:\/\/conteurspro.fr\/site\/wp-json\/wp\/v2\/comments?post=1151"}],"version-history":[{"count":99,"href":"https:\/\/conteurspro.fr\/site\/wp-json\/wp\/v2\/pages\/1151\/revisions"}],"predecessor-version":[{"id":5305,"href":"https:\/\/conteurspro.fr\/site\/wp-json\/wp\/v2\/pages\/1151\/revisions\/5305"}],"wp:attachment":[{"href":"https:\/\/conteurspro.fr\/site\/wp-json\/wp\/v2\/media?parent=1151"}],"curies":[{"name":"wp","href":"https:\/\/api.w.org\/{rel}","templated":true}]}}