{"id":215,"date":"2019-08-01T10:39:47","date_gmt":"2019-08-01T08:39:47","guid":{"rendered":"https:\/\/conteurspro.fr\/site\/?page_id=215"},"modified":"2026-04-20T15:38:28","modified_gmt":"2026-04-20T13:38:28","slug":"adhesions","status":"publish","type":"page","link":"https:\/\/conteurspro.fr\/site\/adhesions\/","title":{"rendered":"Adh\u00e9sions"},"content":{"rendered":"\n<h2 class=\"wp-block-heading\"><br><br><br><strong>Adh\u00e9rer \u00e0 l&rsquo;Apacc, \u00e0 quoi cela sert-il ?<\/strong><\/h2>\n\n\n\n<p><strong>Un espace de partage, de r\u00e9flexion et de soutien<\/strong><\/p>\n\n\n\n<div class=\"wp-block-group\"><div class=\"wp-block-group__inner-container is-layout-constrained wp-block-group-is-layout-constrained\">\n<ul class=\"wp-block-list\">\n<li>Participer \u00e0 la d\u00e9fense de notre discipline et am\u00e9liorer sa visibilit\u00e9.<\/li>\n\n\n\n<li>Avoir un espace pour rencontrer d&rsquo;autres artistes d&rsquo;autres r\u00e9gions, lier des amiti\u00e9s.<\/li>\n\n\n\n<li>Soutenir une association qui cherche en toutes circonstances \u00e0 \u00eatre d\u00e9mocratique et \u00e9galitaire.<\/li>\n\n\n\n<li>Acqu\u00e9rir des outils d&rsquo;intelligence collective.<\/li>\n\n\n\n<li>R\u00e9fl\u00e9chir avec vos pairs sur des sujets de fond ou sur des aspects concrets du m\u00e9tier.<\/li>\n\n\n\n<li>Participer \u00e0 la r\u00e9flexion sur un domaine qui vous tient \u00e0 c\u0153ur au sein d&rsquo;une commission.<\/li>\n<\/ul>\n<\/div><\/div>\n\n\n\n<p><\/p>\n\n\n\n<p><strong>Des r\u00e9ductions pour participer aux \u00e9v\u00e8nements de l&rsquo;association\u00a0<\/strong><\/p>\n\n\n\n<ul class=\"wp-block-list\">\n<li>Des r\u00e9ductions sur l&rsquo;h\u00e9bergement et les repas lors de l&rsquo;assembl\u00e9e g\u00e9n\u00e9rale<\/li>\n\n\n\n<li>L&rsquo;acc\u00e8s gratuit aux actes collectifs<\/li>\n\n\n\n<li>Un remboursement partiel de vos frais de transports pour vous rendre aux actes collectifs.<\/li>\n<\/ul>\n\n\n\n<p><\/p>\n\n\n\n<h2 class=\"wp-block-heading has-text-align-center\"><img loading=\"lazy\" decoding=\"async\" width=\"300\" height=\"300\" class=\"size-medium wp-image-3261 aligncenter\" src=\"https:\/\/conteurspro.fr\/site\/wp-content\/uploads\/2021\/11\/talk-7647863_640-300x300.png\" alt=\"\" srcset=\"https:\/\/conteurspro.fr\/site\/wp-content\/uploads\/2021\/11\/talk-7647863_640-300x300.png 300w, https:\/\/conteurspro.fr\/site\/wp-content\/uploads\/2021\/11\/talk-7647863_640-150x150.png 150w, https:\/\/conteurspro.fr\/site\/wp-content\/uploads\/2021\/11\/talk-7647863_640-75x75.png 75w, https:\/\/conteurspro.fr\/site\/wp-content\/uploads\/2021\/11\/talk-7647863_640.png 640w\" sizes=\"auto, (max-width: 300px) 100vw, 300px\" \/><\/h2>\n\n\n\n<h2 class=\"wp-block-heading\"><strong>Crit\u00e8res d&rsquo;adh\u00e9sion<\/strong><\/h2>\n\n\n\n<p>1- L\u2019Association Professionnelle des Artistes Conteurs et Conteuses accueille des artistes professionnel.les du spectacle vivant se reconnaissant dans la discipline de l\u2019art du conteur, de la conteuse.<\/p>\n\n\n\n<p>Un conteur ou une conteuse&nbsp;professionnel\u00b7le peut \u00eatre d\u00e9fini\u00b7e :<\/p>\n\n\n\n<ul class=\"wp-block-list\">\n<li>par le fait que <strong>la majorit\u00e9 de son activit\u00e9 professionnelle est consacr\u00e9e \u00e0 l\u2019art du r\u00e9cit et activit\u00e9s apparent\u00e9es<\/strong><\/li>\n\n\n\n<li>par le fait de <strong>souscrire \u00e0 toutes les obligations l\u00e9gales<\/strong> (contrats, salaires, etc) relevant de cette activit\u00e9.<\/li>\n<\/ul>\n\n\n\n<p><\/p>\n\n\n\n<p>2- Toute adh\u00e9sion implique, de la part du demandeur ou de la demandeuse, <strong>un plein accord avec le r\u00e8glement int\u00e9rieur et les textes fondateurs attenants<\/strong>. Pour prendre connaissance des statuts de l&rsquo;association, <a href=\"https:\/\/conteurspro.fr\/site\/wp-content\/uploads\/2024\/09\/statuts-Apacc-sans-signature.pdf\">cliquez-ici.<\/a><\/p>\n\n\n\n<p><\/p>\n\n\n\n<p><\/p>\n\n\n\n<p><\/p>\n\n\n\n<div class=\"wp-block-buttons is-layout-flex wp-block-buttons-is-layout-flex\">\n<div class=\"wp-block-button\"><a class=\"wp-block-button__link wp-element-button\" href=\"https:\/\/conteurspro.fr\/site\/jadhere-pour-la-premiere-fois\/\">J&rsquo;adh\u00e8re pour la premi\u00e8re fois<\/a><\/div>\n\n\n\n<div class=\"wp-block-button\"><a class=\"wp-block-button__link wp-element-button\" href=\"https:\/\/conteurspro.fr\/site\/je-renouvelle-mon-adhesion\/\">Je renouvelle mon adh\u00e9sion<\/a><\/div>\n<\/div>\n\n\n\n<p><\/p>\n\n\n\n<p><\/p>\n\n\n\n<p><\/p>\n\n\n\n<p><\/p>\n\n\n\n<p class=\"has-small-font-size\"><\/p>\n\n\n\n<p><\/p>\n","protected":false},"excerpt":{"rendered":"<p>Adh\u00e9rer \u00e0 l&rsquo;Apacc, \u00e0 quoi cela sert-il ? Un espace de partage, de r\u00e9flexion et de soutien Des r\u00e9ductions pour participer aux \u00e9v\u00e8nements de l&rsquo;association\u00a0 Crit\u00e8res d&rsquo;adh\u00e9sion 1- L\u2019Association Professionnelle des Artistes Conteurs et Conteuses accueille des artistes professionnel.les du spectacle vivant se reconnaissant dans la discipline de l\u2019art du conteur, de la conteuse. Un conteur ou une conteuse&nbsp;professionnel\u00b7le peut \u00eatre d\u00e9fini\u00b7e : 2- Toute adh\u00e9sion implique, de la part du demandeur ou de la demandeuse, un plein accord avec le r\u00e8glement int\u00e9rieur et les textes fondateurs attenants. Pour prendre connaissance des statuts de l&rsquo;association, cliquez-ici.<\/p>\n","protected":false},"author":23,"featured_media":0,"parent":0,"menu_order":0,"comment_status":"closed","ping_status":"closed","template":"","meta":{"footnotes":""},"class_list":["post-215","page","type-page","status-publish","hentry"],"_links":{"self":[{"href":"https:\/\/conteurspro.fr\/site\/wp-json\/wp\/v2\/pages\/215","targetHints":{"allow":["GET"]}}],"collection":[{"href":"https:\/\/conteurspro.fr\/site\/wp-json\/wp\/v2\/pages"}],"about":[{"href":"https:\/\/conteurspro.fr\/site\/wp-json\/wp\/v2\/types\/page"}],"author":[{"embeddable":true,"href":"https:\/\/conteurspro.fr\/site\/wp-json\/wp\/v2\/users\/23"}],"replies":[{"embeddable":true,"href":"https:\/\/conteurspro.fr\/site\/wp-json\/wp\/v2\/comments?post=215"}],"version-history":[{"count":99,"href":"https:\/\/conteurspro.fr\/site\/wp-json\/wp\/v2\/pages\/215\/revisions"}],"predecessor-version":[{"id":5451,"href":"https:\/\/conteurspro.fr\/site\/wp-json\/wp\/v2\/pages\/215\/revisions\/5451"}],"wp:attachment":[{"href":"https:\/\/conteurspro.fr\/site\/wp-json\/wp\/v2\/media?parent=215"}],"curies":[{"name":"wp","href":"https:\/\/api.w.org\/{rel}","templated":true}]}}

Adhésions

<h2 class="wp-block-heading"><br><br><br><strong>Adhérer à l&rsquo;Apacc, à quoi cela sert-il ?</strong></h2>



<p><strong>Un espace de partage, de réflexion et de soutien</strong></p>



<div class="wp-block-group"><div class="wp-block-group__inner-container is-layout-constrained wp-block-group-is-layout-constrained">
<ul class="wp-block-list">
<li>Participer à la défense de notre discipline et améliorer sa visibilité.</li>



<li>Avoir un espace pour rencontrer d&rsquo;autres artistes d&rsquo;autres régions, lier des amitiés.</li>



<li>Soutenir une association qui cherche en toutes circonstances à être démocratique et égalitaire.</li>



<li>Acquérir des outils d&rsquo;intelligence collective.</li>



<li>Réfléchir avec vos pairs sur des sujets de fond ou sur des aspects concrets du métier.</li>



<li>Participer à la réflexion sur un domaine qui vous tient à cœur au sein d&rsquo;une commission.</li>
</ul>
</div></div>



<p></p>



<p><strong>Des réductions pour participer aux évènements de l&rsquo;association </strong></p>



<ul class="wp-block-list">
<li>Des réductions sur l&rsquo;hébergement et les repas lors de l&rsquo;assemblée générale</li>



<li>L&rsquo;accès gratuit aux actes collectifs</li>



<li>Un remboursement partiel de vos frais de transports pour vous rendre aux actes collectifs.</li>
</ul>



<p></p>



<h2 class="wp-block-heading has-text-align-center"><img loading="lazy" decoding="async" width="300" height="300" class="size-medium wp-image-3261 aligncenter" src="https://conteurspro.fr/site/wp-content/uploads/2021/11/talk-7647863_640-300x300.png" alt="" srcset="https://conteurspro.fr/site/wp-content/uploads/2021/11/talk-7647863_640-300x300.png 300w, https://conteurspro.fr/site/wp-content/uploads/2021/11/talk-7647863_640-150x150.png 150w, https://conteurspro.fr/site/wp-content/uploads/2021/11/talk-7647863_640-75x75.png 75w, https://conteurspro.fr/site/wp-content/uploads/2021/11/talk-7647863_640.png 640w" sizes="auto, (max-width: 300px) 100vw, 300px" /></h2>



<h2 class="wp-block-heading"><strong>Critères d&rsquo;adhésion</strong></h2>



<p>1- L’Association Professionnelle des Artistes Conteurs et Conteuses accueille des artistes professionnel.les du spectacle vivant se reconnaissant dans la discipline de l’art du conteur, de la conteuse.</p>



<p>Un conteur ou une conteuse&nbsp;professionnel·le peut être défini·e :</p>



<ul class="wp-block-list">
<li>par le fait que <strong>la majorité de son activité professionnelle est consacrée à l’art du récit et activités apparentées</strong></li>



<li>par le fait de <strong>souscrire à toutes les obligations légales</strong> (contrats, salaires, etc) relevant de cette activité.</li>
</ul>



<p></p>



<p>2- Toute adhésion implique, de la part du demandeur ou de la demandeuse, <strong>un plein accord avec le règlement intérieur et les textes fondateurs attenants</strong>. Pour prendre connaissance des statuts de l&rsquo;association, <a href="https://conteurspro.fr/site/wp-content/uploads/2024/09/statuts-Apacc-sans-signature.pdf">cliquez-ici.</a></p>



<p></p>



<p></p>



<p></p>



<div class="wp-block-buttons is-layout-flex wp-block-buttons-is-layout-flex">
<div class="wp-block-button"><a class="wp-block-button__link wp-element-button" href="https://conteurspro.fr/site/jadhere-pour-la-premiere-fois/">J&rsquo;adhère pour la première fois</a></div>



<div class="wp-block-button"><a class="wp-block-button__link wp-element-button" href="https://conteurspro.fr/site/je-renouvelle-mon-adhesion/">Je renouvelle mon adhésion</a></div>
</div>



<p></p>



<p></p>



<p></p>



<p></p>



<p class="has-small-font-size"></p>



<p></p>

<p>Adhérer à l&rsquo;Apacc, à quoi cela sert-il ? Un espace de partage, de réflexion et de soutien Des réductions pour participer aux évènements de l&rsquo;association  Critères d&rsquo;adhésion 1- L’Association Professionnelle des Artistes Conteurs et Conteuses accueille des artistes professionnel.les du spectacle vivant se reconnaissant dans la discipline de l’art du conteur, de la conteuse. Un conteur ou une conteuse&nbsp;professionnel·le peut être défini·e : 2- Toute adhésion implique, de la part du demandeur ou de la demandeuse, un plein accord avec le règlement intérieur et les textes fondateurs attenants. Pour prendre connaissance des statuts de l&rsquo;association, cliquez-ici.</p>
