{"id":318,"date":"2019-08-02T10:25:32","date_gmt":"2019-08-02T08:25:32","guid":{"rendered":"https:\/\/conteurspro.fr\/site\/?page_id=318"},"modified":"2024-10-09T20:00:52","modified_gmt":"2024-10-09T18:00:52","slug":"etudes-et-colloques","status":"publish","type":"page","link":"https:\/\/conteurspro.fr\/site\/etudes-et-colloques\/","title":{"rendered":"\u00c9tudes et colloques"},"content":{"rendered":"<h2 align=\"center\"><img loading=\"lazy\" decoding=\"async\" class=\"alignnone size-medium wp-image-431 alignleft\" src=\"https:\/\/conteurspro.fr\/site\/wp-content\/uploads\/2019\/08\/abstrait19-300x83.jpg\" alt=\"\" width=\"300\" height=\"83\" srcset=\"https:\/\/conteurspro.fr\/site\/wp-content\/uploads\/2019\/08\/abstrait19-300x83.jpg 300w, https:\/\/conteurspro.fr\/site\/wp-content\/uploads\/2019\/08\/abstrait19-768x212.jpg 768w, https:\/\/conteurspro.fr\/site\/wp-content\/uploads\/2019\/08\/abstrait19-1024x283.jpg 1024w, https:\/\/conteurspro.fr\/site\/wp-content\/uploads\/2019\/08\/abstrait19.jpg 1265w\" sizes=\"auto, (max-width: 300px) 100vw, 300px\" \/><\/h2>\n<p>Les cahiers <strong>conte et \u00e9ducation<\/strong> projet 2025 : <a href=\"https:\/\/conteurspro.fr\/site\/projet-2025-les-cahiers-conte-et-education\/\"><strong>Je vous \u00e9cris d&rsquo;un pays o\u00f9 l&rsquo;on se parle !<\/strong><\/a><\/p>\n<div>\n<div class=\"texte_corps\">\n<p><span class=\"Style1\">\u00a0<\/span><strong>Le conte reflet des in\u00e9galit\u00e9s ou outils d&rsquo;\u00e9mancipation-<\/strong><span class=\"Style1\">Rencontre organis\u00e9e par l&rsquo;APAC le 14 juillet 2017 au village du off en Avignon sur le th\u00e8me :<\/span><span class=\"Style1\"> &#8211;\u00a0<a href=\"https:\/\/conteurspro.fr\/pdf\/egalite\/Contribution-Elena-Suzat-Avignon%2014%20%20juillet.pdf\">Lire la contribution d&rsquo;El\u00e8na Suzat<\/a><\/span><\/p>\n<p><a href=\"https:\/\/conteurspro.fr\/site\/pdf\/10_etudes-colloques\/Etude_Parite_Marion_Firecka_2013.pdf\">Etude<\/a>\u00a0<a href=\"https:\/\/conteurspro.fr\/site\/pdf\/10_etudes-colloques\/Etude_Parite_Marion_Firecka_2013.pdf\">\u00ab\u00a0Parit\u00e9 hommes femmes dans le conte\u00a0\u00bb 2013<\/a><\/p>\n<p><a href=\"https:\/\/conteurspro.fr\/site\/pdf\/10_etudes-colloques\/2011_Colloque_femme_dans_le_conte_et_la_femme_conteuse.pdf\">compte rendu colloque \u00ab\u00a0la femme conteuse et la femme dans le conte\u00a0\u00bb 2011<\/a><\/p>\n<p><a href=\"https:\/\/conteurspro.fr\/site\/pdf\/10_etudes-colloques\/Heros_Heroines.pdf\">compte rendu colloque\u00a0<\/a><a href=\"https:\/\/conteurspro.fr\/site\/pdf\/10_etudes-colloques\/Heros_Heroines.pdf\">\u00ab\u00a0h\u00e9ros h\u00e9ro\u00efnes distribution des r\u00f4les\u00a0\u00bb<\/a><\/p>\n<p><a href=\"https:\/\/conteurspro.fr\/site\/pdf\/10_etudes-colloques\/femmes_dans_le_conte_les_femmes_conteuse_colloque_fev_2013.pdf\">compte rendu colloque\u00a0<\/a><a href=\"https:\/\/conteurspro.fr\/site\/pdf\/10_etudes-colloques\/femmes_dans_le_conte_les_femmes_conteuse_colloque_fev_2013.pdf\">\u00ab\u00a0la femme conteuse et la femme dans le conte 2013\u00a0\u00bb<\/a><\/p>\n<\/div>\n<\/div>\n","protected":false},"excerpt":{"rendered":"<p>Les cahiers conte et \u00e9ducation projet 2025 : Je vous \u00e9cris d&rsquo;un pays o\u00f9 l&rsquo;on se parle ! \u00a0Le conte reflet des in\u00e9galit\u00e9s ou outils d&rsquo;\u00e9mancipation-Rencontre organis\u00e9e par l&rsquo;APAC le 14 juillet 2017 au village du off en Avignon sur le th\u00e8me : &#8211;\u00a0Lire la contribution d&rsquo;El\u00e8na Suzat Etude\u00a0\u00ab\u00a0Parit\u00e9 hommes femmes dans le conte\u00a0\u00bb 2013 compte rendu colloque \u00ab\u00a0la femme conteuse et la femme dans le conte\u00a0\u00bb 2011 compte rendu colloque\u00a0\u00ab\u00a0h\u00e9ros h\u00e9ro\u00efnes distribution des r\u00f4les\u00a0\u00bb compte rendu colloque\u00a0\u00ab\u00a0la femme conteuse et la femme dans le conte 2013\u00a0\u00bb<\/p>\n","protected":false},"author":23,"featured_media":0,"parent":0,"menu_order":0,"comment_status":"closed","ping_status":"closed","template":"","meta":{"footnotes":""},"class_list":["post-318","page","type-page","status-publish","hentry"],"_links":{"self":[{"href":"https:\/\/conteurspro.fr\/site\/wp-json\/wp\/v2\/pages\/318","targetHints":{"allow":["GET"]}}],"collection":[{"href":"https:\/\/conteurspro.fr\/site\/wp-json\/wp\/v2\/pages"}],"about":[{"href":"https:\/\/conteurspro.fr\/site\/wp-json\/wp\/v2\/types\/page"}],"author":[{"embeddable":true,"href":"https:\/\/conteurspro.fr\/site\/wp-json\/wp\/v2\/users\/23"}],"replies":[{"embeddable":true,"href":"https:\/\/conteurspro.fr\/site\/wp-json\/wp\/v2\/comments?post=318"}],"version-history":[{"count":10,"href":"https:\/\/conteurspro.fr\/site\/wp-json\/wp\/v2\/pages\/318\/revisions"}],"predecessor-version":[{"id":3814,"href":"https:\/\/conteurspro.fr\/site\/wp-json\/wp\/v2\/pages\/318\/revisions\/3814"}],"wp:attachment":[{"href":"https:\/\/conteurspro.fr\/site\/wp-json\/wp\/v2\/media?parent=318"}],"curies":[{"name":"wp","href":"https:\/\/api.w.org\/{rel}","templated":true}]}}