{"id":339,"date":"2019-08-04T19:25:57","date_gmt":"2019-08-04T17:25:57","guid":{"rendered":"https:\/\/conteurspro.fr\/site\/?page_id=339"},"modified":"2026-01-29T15:23:36","modified_gmt":"2026-01-29T14:23:36","slug":"commission-egalite","status":"publish","type":"page","link":"https:\/\/conteurspro.fr\/site\/commission-egalite\/","title":{"rendered":"Commission \u00e9galit\u00e9"},"content":{"rendered":"\n<p>&nbsp;<\/p>\n\n\n<div class=\"wp-block-image\">\n<figure class=\"aligncenter size-full is-resized\"><img loading=\"lazy\" decoding=\"async\" width=\"595\" height=\"595\" src=\"https:\/\/conteurspro.fr\/site\/wp-content\/uploads\/2025\/08\/pictogramme-023.jpg\" alt=\"\" class=\"wp-image-4693\" style=\"width:361px;height:auto\" srcset=\"https:\/\/conteurspro.fr\/site\/wp-content\/uploads\/2025\/08\/pictogramme-023.jpg 595w, https:\/\/conteurspro.fr\/site\/wp-content\/uploads\/2025\/08\/pictogramme-023-300x300.jpg 300w, https:\/\/conteurspro.fr\/site\/wp-content\/uploads\/2025\/08\/pictogramme-023-150x150.jpg 150w, https:\/\/conteurspro.fr\/site\/wp-content\/uploads\/2025\/08\/pictogramme-023-75x75.jpg 75w\" sizes=\"auto, (max-width: 595px) 100vw, 595px\" \/><\/figure>\n<\/div>\n\n\n<p>&nbsp;<\/p>\n\n\n\n<h3 class=\"wp-block-heading\"><strong>O\u00f9 il est question d\u2019\u00e9galit\u00e9 et de genre dans les contes et le milieu du conte&#8230;<br><\/strong><\/h3>\n\n\n\n<p class=\"has-text-align-center\">Contact : <a href=\"&#x6d;&#97;i&#x6c;&#x74;&#111;:&#x65;&#x67;&#97;l&#x69;&#116;e&#x40;&#x63;&#111;n&#x74;&#x65;&#117;r&#x73;&#112;&#114;&#x6f;&#x2e;&#102;r\"><span style=\"color: #3366ff;\">&#x65;&#x67;&#97;&#108;i&#x74;&#x65;&#x40;&#99;&#111;n&#x74;&#x65;&#x75;&#114;&#115;p&#x72;&#x6f;&#x2e;&#102;&#114;<\/span><\/a><\/p>\n\n\n\n<p><strong>La commission \u00e9galit\u00e9 a pour vocation : <\/strong><\/p>\n\n\n\n<ul class=\"wp-block-list\">\n<li>de<strong> faire \u00e9merger, d&rsquo;informer, de r\u00e9fl\u00e9chir et d&rsquo;agir<\/strong> pour sensibiliser \u00e0 la question de la place des diff\u00e9rents genres dans notre profession en particulier, plus g\u00e9n\u00e9ralement dans le monde du spectacle vivant voir, de la soci\u00e9t\u00e9 en g\u00e9n\u00e9ral.<\/li>\n\n\n\n<li>de<strong> nous mettre en \u00e9veil<\/strong> sur les st\u00e9r\u00e9otypes dans le r\u00e9pertoire et dans nos adaptations des contes et des r\u00e9cits.<\/li>\n\n\n\n<li>d&rsquo;<strong>\u00eatre vigilant.e<\/strong> sur notre fa\u00e7on de pratiquer notre \u00e9criture orale, en veillant \u00e0 ce qu&rsquo;elle soit inclusive.<\/li>\n\n\n\n<li>de<strong> rendre visible<\/strong> les femmes invisibilis\u00e9es : c<span style=\"font-size: revert;\">onteuses, anthropologues, collecteuses, folkloristes&#8230;<\/span><\/li>\n<\/ul>\n\n\n\n<p>L&rsquo;APACC a&nbsp; souhait\u00e9 que cette vigilance \u00e0 l&rsquo;\u00e9galit\u00e9 s&rsquo;exerce aussi au sein de la gouvernance de l&rsquo;association. Dans son engagement, elle a adh\u00e9r\u00e9 \u00e0 <span style=\"color: #3366ff;\"><a style=\"color: #3366ff;\" href=\"https:\/\/www.mouvement-hf.org\/\">l&rsquo;Association H\/F<\/a><\/span>&nbsp; et&nbsp; promeut, autant que possible, cette r\u00e9flexion dans le monde du spectacle vivant, qui affirme trop souvent que \u00ab\u00a0l&rsquo;art n&rsquo;a pas de sexe\u00a0\u00bb.&nbsp;Les actions et r\u00e9flexions que m\u00e8ne la commission ont un impact important dans l&rsquo;association et au-del\u00e0 dans le monde du conte. C&rsquo;est un chantier exaltant.<\/p>\n\n\n\n<p class=\"has-black-color has-text-color has-link-color wp-elements-9320a3d265e786b132b67a71cb06fb9a\">&nbsp;<\/p>\n\n\n\n<hr class=\"wp-block-separator has-alpha-channel-opacity\"\/>\n\n\n\n<div class=\"wp-block-media-text has-media-on-the-right is-stacked-on-mobile\"><div class=\"wp-block-media-text__content\">\n<p>Pour d\u00e9couvrir ce qui s&rsquo;est pass\u00e9 ces derni\u00e8res semaines et noter les prochains rendez-vous, <a href=\"https:\/\/conteurspro.fr\/site\/actualites-de-la-commission-egalite\/\">cliquez-ici.<\/a><\/p>\n<\/div><figure class=\"wp-block-media-text__media\"><img loading=\"lazy\" decoding=\"async\" width=\"498\" height=\"427\" src=\"https:\/\/conteurspro.fr\/site\/wp-content\/uploads\/2025\/11\/bouton-actualite.png\" alt=\"\" class=\"wp-image-4912 size-full\" srcset=\"https:\/\/conteurspro.fr\/site\/wp-content\/uploads\/2025\/11\/bouton-actualite.png 498w, https:\/\/conteurspro.fr\/site\/wp-content\/uploads\/2025\/11\/bouton-actualite-300x257.png 300w\" sizes=\"auto, (max-width: 498px) 100vw, 498px\" \/><\/figure><\/div>\n\n\n\n<div class=\"wp-block-media-text is-stacked-on-mobile\"><figure class=\"wp-block-media-text__media\"><img loading=\"lazy\" decoding=\"async\" width=\"497\" height=\"426\" src=\"https:\/\/conteurspro.fr\/site\/wp-content\/uploads\/2025\/11\/Bouton-Charte-comm-egalite-1.png\" alt=\"\" class=\"wp-image-4896 size-full\" srcset=\"https:\/\/conteurspro.fr\/site\/wp-content\/uploads\/2025\/11\/Bouton-Charte-comm-egalite-1.png 497w, https:\/\/conteurspro.fr\/site\/wp-content\/uploads\/2025\/11\/Bouton-Charte-comm-egalite-1-300x257.png 300w\" sizes=\"auto, (max-width: 497px) 100vw, 497px\" \/><\/figure><div class=\"wp-block-media-text__content\">\n<p>La&nbsp;\u00ab\u00a0Charte pour une programmation \u00e9quitable et inclusive\u00a0\u00bb , propos\u00e9e par \u00ab\u00a0le Collectif pour une parole \u00e9galitaire\u00a0\u00bb,&nbsp; a \u00e9t\u00e9 travaill\u00e9e et valid\u00e9e par l&rsquo;APACC et le RNCAP. Que vous soyez programmateurice, conteureuse ou simplement spectateurice, vous pouvez la lire et la signer <a href=\"https:\/\/conteurspro.fr\/site\/la-charte-pour-une-programmation-inclusive-et-equitable\/\">en cliquant-ici.<\/a><\/p>\n<\/div><\/div>\n\n\n\n<div class=\"wp-block-media-text has-media-on-the-right is-stacked-on-mobile\"><div class=\"wp-block-media-text__content\">\n<p><strong>Depuis 2019, la commission \u00e9galit\u00e9 continue, pas \u00e0 pas, son travail de visibilisation des femmes<\/strong>&nbsp;: comment collecter, conserver puis diffuser cet h\u00e9ritage remis au jour ? Comment notre parole d\u2019aujourd\u2019hui transforme ces ressources en mati\u00e8res artistiques, non seulement pour ne plus les oublier, mais pour&nbsp; cr\u00e9er et transmettre des formes contemporaines de ces \u0153uvres.<strong>&nbsp;<\/strong><a href=\"https:\/\/conteurspro.fr\/site\/matrimoine-oral-mettre-en-lumiere-les-femmes-invisibilisees\/\">Cliquez-ici pour en savoir plus.<\/a><a href=\"https:\/\/conteurspro.fr\/site\/wp-content\/uploads\/2023\/12\/04-oct-22-Nannette-pour-la-GO-3.pdf\"><\/a><\/p>\n<\/div><figure class=\"wp-block-media-text__media\"><img loading=\"lazy\" decoding=\"async\" width=\"498\" height=\"427\" src=\"https:\/\/conteurspro.fr\/site\/wp-content\/uploads\/2025\/11\/Bouton-Matrimoine-oral-1.png\" alt=\"\" class=\"wp-image-4899 size-full\" srcset=\"https:\/\/conteurspro.fr\/site\/wp-content\/uploads\/2025\/11\/Bouton-Matrimoine-oral-1.png 498w, https:\/\/conteurspro.fr\/site\/wp-content\/uploads\/2025\/11\/Bouton-Matrimoine-oral-1-300x257.png 300w\" sizes=\"auto, (max-width: 498px) 100vw, 498px\" \/><\/figure><\/div>\n\n\n\n<div class=\"wp-block-media-text is-stacked-on-mobile\"><figure class=\"wp-block-media-text__media\"><img loading=\"lazy\" decoding=\"async\" width=\"498\" height=\"427\" src=\"https:\/\/conteurspro.fr\/site\/wp-content\/uploads\/2025\/11\/bouton-oralite-inclusive.png\" alt=\"\" class=\"wp-image-4891 size-full\" srcset=\"https:\/\/conteurspro.fr\/site\/wp-content\/uploads\/2025\/11\/bouton-oralite-inclusive.png 498w, https:\/\/conteurspro.fr\/site\/wp-content\/uploads\/2025\/11\/bouton-oralite-inclusive-300x257.png 300w\" sizes=\"auto, (max-width: 498px) 100vw, 498px\" \/><\/figure><div class=\"wp-block-media-text__content\">\n<p>Qu&rsquo;est ce que l&rsquo;oralit\u00e9 inclusive ? D&rsquo;abord quelques explications puis des rendez-vous r\u00e9guliers pour pratiquer en \u00ab\u00a0labos\u00a0\u00bb. <a href=\"https:\/\/conteurspro.fr\/site\/oralite-inclusive-2\/\">Cliquez-ici pour plus d&rsquo;infos. <\/a><\/p>\n<\/div><\/div>\n\n\n\n<div class=\"wp-block-media-text has-media-on-the-right is-stacked-on-mobile\"><div class=\"wp-block-media-text__content\">\n<p>Pour participer aux labos, aux actes collectifs ou aux rencontres, consultez l&rsquo;agenda <a href=\"https:\/\/conteurspro.fr\/site\/agenda-de-la-commission-egalite\/\">en cliquant-ici<\/a>.<\/p>\n<\/div><figure class=\"wp-block-media-text__media\"><img loading=\"lazy\" decoding=\"async\" width=\"498\" height=\"427\" src=\"https:\/\/conteurspro.fr\/site\/wp-content\/uploads\/2025\/11\/bouton-agenda-1.png\" alt=\"\" class=\"wp-image-4893 size-full\" srcset=\"https:\/\/conteurspro.fr\/site\/wp-content\/uploads\/2025\/11\/bouton-agenda-1.png 498w, https:\/\/conteurspro.fr\/site\/wp-content\/uploads\/2025\/11\/bouton-agenda-1-300x257.png 300w\" sizes=\"auto, (max-width: 498px) 100vw, 498px\" \/><\/figure><\/div>\n\n\n\n<div class=\"wp-block-media-text is-stacked-on-mobile\"><figure class=\"wp-block-media-text__media\"><img loading=\"lazy\" decoding=\"async\" width=\"498\" height=\"426\" src=\"https:\/\/conteurspro.fr\/site\/wp-content\/uploads\/2025\/11\/Bouton-outils.png\" alt=\"\" class=\"wp-image-4900 size-full\" srcset=\"https:\/\/conteurspro.fr\/site\/wp-content\/uploads\/2025\/11\/Bouton-outils.png 498w, https:\/\/conteurspro.fr\/site\/wp-content\/uploads\/2025\/11\/Bouton-outils-300x257.png 300w\" sizes=\"auto, (max-width: 498px) 100vw, 498px\" \/><\/figure><div class=\"wp-block-media-text__content\">\n<p><\/p>\n\n\n\n<p><\/p>\n\n\n\n<p>Testez votre r\u00e9pertoire, \u00e9coutez la conf\u00e9rence d&rsquo;Elianne Viennot et explorez les \u00e9changes pass\u00e9s <a href=\"https:\/\/conteurspro.fr\/site\/partage-doutils-pour-un-langage-inclusif-et-egalitaire\/\">en cliquant-ici.<\/a><\/p>\n\n\n\n<p><\/p>\n\n\n\n<p><\/p>\n\n\n\n<p><\/p>\n<\/div><\/div>\n\n\n\n<div class=\"wp-block-media-text has-media-on-the-right is-stacked-on-mobile\"><div class=\"wp-block-media-text__content\">\n<p>Quelle est la place des femmes dans le conte ? Quel est le r\u00f4le des p\u00e8res dans les histoires ? Comment se construisent les identit\u00e9es sexu\u00e9es ? Pour acc\u00e9der aux comptes rendus des colloques organis\u00e9s par la commission, <a href=\"https:\/\/conteurspro.fr\/site\/ressources-de-la-commission-egalite\/\">cliquez-ici. <\/a><\/p>\n<\/div><figure class=\"wp-block-media-text__media\"><img loading=\"lazy\" decoding=\"async\" width=\"498\" height=\"427\" src=\"https:\/\/conteurspro.fr\/site\/wp-content\/uploads\/2025\/11\/bouton-ressources.png\" alt=\"\" class=\"wp-image-4894 size-full\" srcset=\"https:\/\/conteurspro.fr\/site\/wp-content\/uploads\/2025\/11\/bouton-ressources.png 498w, https:\/\/conteurspro.fr\/site\/wp-content\/uploads\/2025\/11\/bouton-ressources-300x257.png 300w\" sizes=\"auto, (max-width: 498px) 100vw, 498px\" \/><\/figure><\/div>\n","protected":false},"excerpt":{"rendered":"<p>&nbsp; &nbsp; O\u00f9 il est question d\u2019\u00e9galit\u00e9 et de genre dans les contes et le milieu du conte&#8230; Contact : &#x65;&#103;a&#x6c;&#x69;&#116;e&#x40;&#99;o&#x6e;&#x74;&#101;u&#x72;&#115;p&#x72;&#x6f;&#46;f&#x72; La commission \u00e9galit\u00e9 a pour vocation : L&rsquo;APACC a&nbsp; souhait\u00e9 que cette vigilance \u00e0 l&rsquo;\u00e9galit\u00e9 s&rsquo;exerce aussi au sein de la gouvernance de l&rsquo;association. Dans son engagement, elle a adh\u00e9r\u00e9 \u00e0 l&rsquo;Association H\/F&nbsp; et&nbsp; promeut, autant que possible, cette r\u00e9flexion dans le monde du spectacle vivant, qui affirme trop souvent que \u00ab\u00a0l&rsquo;art n&rsquo;a pas de sexe\u00a0\u00bb.&nbsp;Les actions et r\u00e9flexions que m\u00e8ne la commission ont un impact important dans l&rsquo;association et au-del\u00e0 dans le monde du conte. C&rsquo;est un chantier exaltant. &nbsp; Pour d\u00e9couvrir ce qui s&rsquo;est pass\u00e9 ces derni\u00e8res semaines et noter les prochains rendez-vous, cliquez-ici. La&nbsp;\u00ab\u00a0Charte pour une programmation \u00e9quitable et inclusive\u00a0\u00bb , propos\u00e9e par \u00ab\u00a0le Collectif pour une parole \u00e9galitaire\u00a0\u00bb,&nbsp; a \u00e9t\u00e9 travaill\u00e9e et valid\u00e9e par l&rsquo;APACC et le RNCAP. Que vous soyez programmateurice, conteureuse ou simplement spectateurice, vous pouvez la lire et la signer en cliquant-ici. Depuis 2019, la commission \u00e9galit\u00e9 continue, pas \u00e0 pas, son travail de visibilisation des femmes&nbsp;: comment collecter, conserver puis diffuser cet h\u00e9ritage remis au jour ? Comment notre parole d\u2019aujourd\u2019hui transforme ces ressources en mati\u00e8res artistiques, non seulement pour ne plus les oublier, mais pour&nbsp; cr\u00e9er et transmettre des formes contemporaines de ces \u0153uvres.&nbsp;Cliquez-ici pour en savoir plus. Qu&rsquo;est ce que l&rsquo;oralit\u00e9 inclusive ? D&rsquo;abord quelques explications puis des rendez-vous r\u00e9guliers pour pratiquer en \u00ab\u00a0labos\u00a0\u00bb. Cliquez-ici pour plus d&rsquo;infos. Pour participer aux labos, aux actes collectifs ou aux rencontres, consultez l&rsquo;agenda en cliquant-ici. Testez votre r\u00e9pertoire, \u00e9coutez la conf\u00e9rence d&rsquo;Elianne Viennot et explorez les \u00e9changes pass\u00e9s en cliquant-ici. Quelle est la place des femmes dans le conte ? Quel est le r\u00f4le des p\u00e8res dans les histoires ? Comment se construisent les identit\u00e9es sexu\u00e9es ? Pour acc\u00e9der aux comptes rendus des colloques organis\u00e9s par la commission, cliquez-ici.<\/p>\n","protected":false},"author":23,"featured_media":0,"parent":0,"menu_order":0,"comment_status":"closed","ping_status":"closed","template":"","meta":{"footnotes":""},"class_list":["post-339","page","type-page","status-publish","hentry"],"_links":{"self":[{"href":"https:\/\/conteurspro.fr\/site\/wp-json\/wp\/v2\/pages\/339","targetHints":{"allow":["GET"]}}],"collection":[{"href":"https:\/\/conteurspro.fr\/site\/wp-json\/wp\/v2\/pages"}],"about":[{"href":"https:\/\/conteurspro.fr\/site\/wp-json\/wp\/v2\/types\/page"}],"author":[{"embeddable":true,"href":"https:\/\/conteurspro.fr\/site\/wp-json\/wp\/v2\/users\/23"}],"replies":[{"embeddable":true,"href":"https:\/\/conteurspro.fr\/site\/wp-json\/wp\/v2\/comments?post=339"}],"version-history":[{"count":235,"href":"https:\/\/conteurspro.fr\/site\/wp-json\/wp\/v2\/pages\/339\/revisions"}],"predecessor-version":[{"id":5332,"href":"https:\/\/conteurspro.fr\/site\/wp-json\/wp\/v2\/pages\/339\/revisions\/5332"}],"wp:attachment":[{"href":"https:\/\/conteurspro.fr\/site\/wp-json\/wp\/v2\/media?parent=339"}],"curies":[{"name":"wp","href":"https:\/\/api.w.org\/{rel}","templated":true}]}}