{"id":379,"date":"2019-08-06T17:59:40","date_gmt":"2019-08-06T15:59:40","guid":{"rendered":"https:\/\/conteurspro.fr\/site\/?page_id=379"},"modified":"2025-01-24T12:58:55","modified_gmt":"2025-01-24T11:58:55","slug":"mentions-legales","status":"publish","type":"page","link":"https:\/\/conteurspro.fr\/site\/mentions-legales\/","title":{"rendered":"Mentions l\u00e9gales"},"content":{"rendered":"<div id=\"contenu\">\n<div>\n<div class=\"Style6\" align=\"center\">\n<p class=\"Style2\">Site officiel de l&rsquo;association professionnelle des artistes conteurs : www.conteurspro.fr<\/p>\n<p class=\"Style2\">APACC<br \/>\nCentre Marius Sidobre,<br \/>\n26 rue Emile Raspail, 94110 Arcueil<\/p>\n<p class=\"Style2\">(Pas de courrier \u00e0 cette adresse SVP).<\/p>\n<p class=\"Style2\">Conception &#8211; R\u00e9alisation : APACC<\/p>\n<p class=\"Style2\">H\u00e9bergement :<br \/>\nwww.ovh.fr<\/p>\n<p class=\"Style2\">Cr\u00e9ation \u00e9ditoriale et animation :<br \/>\nColl\u00e9giale de l&rsquo;APACC<br \/>\nCourriel : contact&#64;conteurspro&#46;fr<\/p>\n<p class=\"Style2\">Droits d&rsquo;auteur et droits de reproduction :<br \/>\nCe site et les contenus \u00e9ditoriaux, pages web, codes sources qui en r\u00e9sultent sont la propri\u00e9t\u00e9 exclusive de l&rsquo;APACC, \u00e0 l\u2019exclusion des \u00e9l\u00e9ments \u00e9manant de ses partenaires, et sont prot\u00e9g\u00e9s par les dispositions du code de la propri\u00e9t\u00e9 intellectuelle.<\/p>\n<\/div>\n<\/div>\n<\/div>\n","protected":false},"excerpt":{"rendered":"<p>Site officiel de l&rsquo;association professionnelle des artistes conteurs : www.conteurspro.fr APACC Centre Marius Sidobre, 26 rue Emile Raspail, 94110 Arcueil (Pas de courrier \u00e0 cette adresse SVP). Conception &#8211; R\u00e9alisation : APACC H\u00e9bergement : www.ovh.fr Cr\u00e9ation \u00e9ditoriale et animation : Coll\u00e9giale de l&rsquo;APACC Courriel : &#99;&#x6f;&#x6e;&#116;&#x61;&#x63;&#116;&#x40;&#x63;&#111;&#x6e;&#x74;&#101;&#x75;&#x72;&#115;&#x70;&#x72;&#111;&#x2e;&#x66;&#114; Droits d&rsquo;auteur et droits de reproduction : Ce site et les contenus \u00e9ditoriaux, pages web, codes sources qui en r\u00e9sultent sont la propri\u00e9t\u00e9 exclusive de l&rsquo;APACC, \u00e0 l\u2019exclusion des \u00e9l\u00e9ments \u00e9manant de ses partenaires, et sont prot\u00e9g\u00e9s par les dispositions du code de la propri\u00e9t\u00e9 intellectuelle.<\/p>\n","protected":false},"author":23,"featured_media":0,"parent":0,"menu_order":0,"comment_status":"closed","ping_status":"closed","template":"","meta":{"footnotes":""},"class_list":["post-379","page","type-page","status-publish","hentry"],"_links":{"self":[{"href":"https:\/\/conteurspro.fr\/site\/wp-json\/wp\/v2\/pages\/379","targetHints":{"allow":["GET"]}}],"collection":[{"href":"https:\/\/conteurspro.fr\/site\/wp-json\/wp\/v2\/pages"}],"about":[{"href":"https:\/\/conteurspro.fr\/site\/wp-json\/wp\/v2\/types\/page"}],"author":[{"embeddable":true,"href":"https:\/\/conteurspro.fr\/site\/wp-json\/wp\/v2\/users\/23"}],"replies":[{"embeddable":true,"href":"https:\/\/conteurspro.fr\/site\/wp-json\/wp\/v2\/comments?post=379"}],"version-history":[{"count":3,"href":"https:\/\/conteurspro.fr\/site\/wp-json\/wp\/v2\/pages\/379\/revisions"}],"predecessor-version":[{"id":4146,"href":"https:\/\/conteurspro.fr\/site\/wp-json\/wp\/v2\/pages\/379\/revisions\/4146"}],"wp:attachment":[{"href":"https:\/\/conteurspro.fr\/site\/wp-json\/wp\/v2\/media?parent=379"}],"curies":[{"name":"wp","href":"https:\/\/api.w.org\/{rel}","templated":true}]}}