{"id":4622,"date":"2025-07-23T18:30:18","date_gmt":"2025-07-23T16:30:18","guid":{"rendered":"https:\/\/conteurspro.fr\/site\/?page_id=4622"},"modified":"2026-03-09T14:41:35","modified_gmt":"2026-03-09T13:41:35","slug":"je-renouvelle-mon-adhesion","status":"publish","type":"page","link":"https:\/\/conteurspro.fr\/site\/je-renouvelle-mon-adhesion\/","title":{"rendered":"Je renouvelle mon adh\u00e9sion"},"content":{"rendered":"\n<p><strong>Pour les r\u00e9-adh\u00e9sions<\/strong>, le payement de la cotisation vaut accord concernant le r\u00e8glement int\u00e9rieur et la d\u00e9finition de l&rsquo;art du conteur et de la conteuse. Il n&rsquo;est donc pas obligatoire de les envoyer sign\u00e9s.<br>Seul le <a href=\"https:\/\/conteurspro.fr\/site\/wp-content\/uploads\/2026\/02\/Formulaire-adhesion-a-jour-18-fevrier-2026.odt\" target=\"_blank\" rel=\"noreferrer noopener\">formulaire d&rsquo;adh\u00e9sion<\/a> et sa partie questionnaire doit \u00eatre renvoy\u00e9 avec le r\u00e8glement.<\/p>\n\n\n\n<p>Merci d&rsquo;envoyer les documents \u00e0 l&rsquo;adresse mail &#97;&#x64;&#104;&#x65;s&#105;&#x6f;&#110;&#x73;&#64;&#x63;o&#110;&#x74;&#101;&#x75;r&#x73;&#x70;&#114;&#x6f;&#46;&#x66;r<\/p>\n\n\n\n<h3 class=\"wp-block-heading has-text-align-center\">Montants des adh\u00e9sions en 2025<\/h3>\n\n\n\n<p class=\"has-text-align-center\">(Ces tarifs seront soumis au vote en assembl\u00e9e g\u00e9n\u00e9rale en septembre)<\/p>\n\n\n\n<p class=\"has-text-align-left\">De septembre \u00e0 septembre &#8211; Assembl\u00e9e g\u00e9n\u00e9rale suivante incluse<\/p>\n\n\n\n<ul class=\"wp-block-list\">\n<li>Tarif normal :  7 euros par mois &#8211; 84 euros annuels<\/li>\n\n\n\n<li>Tarif r\u00e9duit  : 5 euros par mois &#8211; 60 euros annuels<\/li>\n\n\n\n<li>Tarif de soutien : 10 euros par mois &#8211; 120 euros annuels<\/li>\n<\/ul>\n\n\n\n<p class=\"has-text-align-center\">Nouvelle adh\u00e9sion en cours d&rsquo;ann\u00e9e : 7 euros par mois au pro-rata des mois restants jusqu&rsquo;\u00e0 septembre<\/p>\n\n\n\n<p><\/p>\n\n\n\n<p><\/p>\n\n\n\n<h3 class=\"wp-block-heading has-text-align-center\">R\u00e8glement de l&rsquo;adh\u00e9sion <\/h3>\n\n\n\n<ul class=\"wp-block-list\">\n<li><strong>Par ch\u00e8que \u00e0 envoyer \u00e0 l&rsquo;adresse :<\/strong><\/li>\n<\/ul>\n\n\n\n<p>A l&rsquo;ordre de l&rsquo;APACC &#8211; Mentionnez derri\u00e8re le ch\u00e8que \u00ab\u00a0Adh\u00e9sion 2025-2026\u00a0\u00bb<\/p>\n\n\n\n<p>Anne Leviel, 14 le H\u00e9ron Cendr\u00e9, 80260 Frechencourt <\/p>\n\n\n\n<p>Paiement en plusieurs fois possible<\/p>\n\n\n\n<p><\/p>\n\n\n\n<ul class=\"wp-block-list\">\n<li><strong>Par virement <\/strong>(annuel ou mensuel)<\/li>\n<\/ul>\n\n\n\n<p>APACC &#8211; Cr\u00e9dit coop\u00e9ratif<\/p>\n\n\n\n<p><strong>IBAN<\/strong> FR76 4255 9100 0008 0133 8744 066 &#8211; <strong>BIC&nbsp;:<\/strong> C C O P F R P P X X X<\/p>\n\n\n\n<p><\/p>\n","protected":false},"excerpt":{"rendered":"<p>Pour les r\u00e9-adh\u00e9sions, le payement de la cotisation vaut accord concernant le r\u00e8glement int\u00e9rieur et la d\u00e9finition de l&rsquo;art du conteur et de la conteuse. Il n&rsquo;est donc pas obligatoire de les envoyer sign\u00e9s.Seul le formulaire d&rsquo;adh\u00e9sion et sa partie questionnaire doit \u00eatre renvoy\u00e9 avec le r\u00e8glement. Merci d&rsquo;envoyer les documents \u00e0 l&rsquo;adresse mail &#97;&#x64;&#104;&#x65;s&#x69;o&#110;&#x73;&#64;&#x63;&#111;&#x6e;t&#x65;u&#114;&#x73;&#112;&#x72;o&#x2e;f&#x72; Montants des adh\u00e9sions en 2025 (Ces tarifs seront soumis au vote en assembl\u00e9e g\u00e9n\u00e9rale en septembre) De septembre \u00e0 septembre &#8211; Assembl\u00e9e g\u00e9n\u00e9rale suivante incluse Nouvelle adh\u00e9sion en cours d&rsquo;ann\u00e9e : 7 euros par mois au pro-rata des mois restants jusqu&rsquo;\u00e0 septembre R\u00e8glement de l&rsquo;adh\u00e9sion A l&rsquo;ordre de l&rsquo;APACC &#8211; Mentionnez derri\u00e8re le ch\u00e8que \u00ab\u00a0Adh\u00e9sion 2025-2026\u00a0\u00bb Anne Leviel, 14 le H\u00e9ron Cendr\u00e9, 80260 Frechencourt Paiement en plusieurs fois possible APACC &#8211; Cr\u00e9dit coop\u00e9ratif IBAN FR76 4255 9100 0008 0133 8744 066 &#8211; BIC&nbsp;: C C O P F R P P X X X<\/p>\n","protected":false},"author":23,"featured_media":0,"parent":0,"menu_order":0,"comment_status":"closed","ping_status":"closed","template":"","meta":{"footnotes":""},"class_list":["post-4622","page","type-page","status-publish","hentry"],"_links":{"self":[{"href":"https:\/\/conteurspro.fr\/site\/wp-json\/wp\/v2\/pages\/4622","targetHints":{"allow":["GET"]}}],"collection":[{"href":"https:\/\/conteurspro.fr\/site\/wp-json\/wp\/v2\/pages"}],"about":[{"href":"https:\/\/conteurspro.fr\/site\/wp-json\/wp\/v2\/types\/page"}],"author":[{"embeddable":true,"href":"https:\/\/conteurspro.fr\/site\/wp-json\/wp\/v2\/users\/23"}],"replies":[{"embeddable":true,"href":"https:\/\/conteurspro.fr\/site\/wp-json\/wp\/v2\/comments?post=4622"}],"version-history":[{"count":11,"href":"https:\/\/conteurspro.fr\/site\/wp-json\/wp\/v2\/pages\/4622\/revisions"}],"predecessor-version":[{"id":5426,"href":"https:\/\/conteurspro.fr\/site\/wp-json\/wp\/v2\/pages\/4622\/revisions\/5426"}],"wp:attachment":[{"href":"https:\/\/conteurspro.fr\/site\/wp-json\/wp\/v2\/media?parent=4622"}],"curies":[{"name":"wp","href":"https:\/\/api.w.org\/{rel}","templated":true}]}}

Je renouvelle mon adhésion

<p><strong>Pour les ré-adhésions</strong>, le payement de la cotisation vaut accord concernant le règlement intérieur et la définition de l&rsquo;art du conteur et de la conteuse. Il n&rsquo;est donc pas obligatoire de les envoyer signés.<br>Seul le <a href="https://conteurspro.fr/site/wp-content/uploads/2026/02/Formulaire-adhesion-a-jour-18-fevrier-2026.odt" target="_blank" rel="noreferrer noopener">formulaire d&rsquo;adhésion</a> et sa partie questionnaire doit être renvoyé avec le règlement.</p>



<p>Merci d&rsquo;envoyer les documents à l&rsquo;adresse mail &#97;&#x64;&#104;&#x65;s&#105;&#x6f;&#110;&#x73;&#64;&#x63;o&#110;&#x74;&#101;&#x75;r&#x73;&#x70;&#114;&#x6f;&#46;&#x66;r</p>



<h3 class="wp-block-heading has-text-align-center">Montants des adhésions en 2025</h3>



<p class="has-text-align-center">(Ces tarifs seront soumis au vote en assemblée générale en septembre)</p>



<p class="has-text-align-left">De septembre à septembre &#8211; Assemblée générale suivante incluse</p>



<ul class="wp-block-list">
<li>Tarif normal :  7 euros par mois &#8211; 84 euros annuels</li>



<li>Tarif réduit  : 5 euros par mois &#8211; 60 euros annuels</li>



<li>Tarif de soutien : 10 euros par mois &#8211; 120 euros annuels</li>
</ul>



<p class="has-text-align-center">Nouvelle adhésion en cours d&rsquo;année : 7 euros par mois au pro-rata des mois restants jusqu&rsquo;à septembre</p>



<p></p>



<p></p>



<h3 class="wp-block-heading has-text-align-center">Règlement de l&rsquo;adhésion </h3>



<ul class="wp-block-list">
<li><strong>Par chèque à envoyer à l&rsquo;adresse :</strong></li>
</ul>



<p>A l&rsquo;ordre de l&rsquo;APACC &#8211; Mentionnez derrière le chèque « Adhésion 2025-2026 »</p>



<p>Anne Leviel, 14 le Héron Cendré, 80260 Frechencourt </p>



<p>Paiement en plusieurs fois possible</p>



<p></p>



<ul class="wp-block-list">
<li><strong>Par virement </strong>(annuel ou mensuel)</li>
</ul>



<p>APACC &#8211; Crédit coopératif</p>



<p><strong>IBAN</strong> FR76 4255 9100 0008 0133 8744 066 &#8211; <strong>BIC&nbsp;:</strong> C C O P F R P P X X X</p>



<p></p>

<p>Pour les ré-adhésions, le payement de la cotisation vaut accord concernant le règlement intérieur et la définition de l&rsquo;art du conteur et de la conteuse. Il n&rsquo;est donc pas obligatoire de les envoyer signés.Seul le formulaire d&rsquo;adhésion et sa partie questionnaire doit être renvoyé avec le règlement. Merci d&rsquo;envoyer les documents à l&rsquo;adresse mail &#97;&#x64;&#104;&#x65;s&#x69;o&#110;&#x73;&#64;&#x63;&#111;&#x6e;t&#x65;u&#114;&#x73;&#112;&#x72;o&#x2e;f&#x72; Montants des adhésions en 2025 (Ces tarifs seront soumis au vote en assemblée générale en septembre) De septembre à septembre &#8211; Assemblée générale suivante incluse Nouvelle adhésion en cours d&rsquo;année : 7 euros par mois au pro-rata des mois restants jusqu&rsquo;à septembre Règlement de l&rsquo;adhésion A l&rsquo;ordre de l&rsquo;APACC &#8211; Mentionnez derrière le chèque « Adhésion 2025-2026 » Anne Leviel, 14 le Héron Cendré, 80260 Frechencourt Paiement en plusieurs fois possible APACC &#8211; Crédit coopératif IBAN FR76 4255 9100 0008 0133 8744 066 &#8211; BIC&nbsp;: C C O P F R P P X X X</p>
