{"id":4755,"date":"2025-09-26T09:55:16","date_gmt":"2025-09-26T07:55:16","guid":{"rendered":"https:\/\/conteurspro.fr\/site\/?page_id=4755"},"modified":"2025-09-29T16:09:00","modified_gmt":"2025-09-29T14:09:00","slug":"commission-repertoire","status":"publish","type":"page","link":"https:\/\/conteurspro.fr\/site\/commission-repertoire\/","title":{"rendered":"Commission R\u00e9pertoire"},"content":{"rendered":"\n<p>La commission r\u00e9pertoire est n\u00e9e lors de l\u2019assembl\u00e9e g\u00e9n\u00e9rale de septembre 2024 en Bretagne.<\/p>\n\n\n\n<p>Elle se veut \u00eatre :<\/p>\n\n\n\n<p>&#8211; Un espace de partage de connaissances et d\u2019enrichissement mutuel en mati\u00e8re de r\u00e9pertoire.<\/p>\n\n\n\n<p>&#8211; Un lieu de transmission et d\u2019\u00e9changes entre les diverses g\u00e9n\u00e9rations de conteurs et conteuses.&nbsp;&#8211; Un espace de questionnement du r\u00e9pertoire dans sa dimension contemporaine.<\/p>\n\n\n\n<p><\/p>\n\n\n\n<h2 class=\"wp-block-heading\">L&rsquo;enqu\u00eate <\/h2>\n\n\n\n<p>Les membres de la commission ont lanc\u00e9&nbsp;une enqu\u00eate visant \u00e0 mieux conna\u00eetre ce que les adh\u00e9rent-es portent en mati\u00e8re de r\u00e9pertoire. <strong>Cette enqu\u00eate permettra de faire \u00e9merger un panorama le plus large possible de ce qui se raconte aujourd&rsquo;hui.&nbsp;<\/strong>Mais nous l&rsquo;avons aussi pens\u00e9 pour soutenir et accompagner les futures actions de la commission par le collectage d&rsquo;id\u00e9es, d&rsquo;envies et le rep\u00e9rage de ressources et comp\u00e9tences particuli\u00e8res.<\/p>\n\n\n\n<p><strong>L&rsquo;objectif de ce questionnaire est de cr\u00e9er du lien et de permettre, \u00e0 terme, des espaces de partage de connaissance, de transmission et d&rsquo;enrichissement mutuel en mati\u00e8re de r\u00e9pertoire.<\/strong><\/p>\n\n\n\n<p>Toutes les contributions sont n\u00e9cessaires et bienvenues : Il n&rsquo;est ni besoin d&rsquo;\u00eatre adh\u00e9rent-es \u00e0 L&rsquo;APACC ni d&rsquo;\u00eatre un.e expert.e du r\u00e9pertoire pour participer !<\/p>\n\n\n\n<p>Le lien vers le questionnaire, c&rsquo;est ici :<\/p>\n\n\n\n<div class=\"wp-block-buttons is-layout-flex wp-block-buttons-is-layout-flex\">\n<div class=\"wp-block-button\"><a class=\"wp-block-button__link wp-element-button\" href=\"https:\/\/docs.google.com\/forms\/d\/e\/1FAIpQLSfgCgxbmKU011PqFwDsslpsttFfLQQn-qRfIetO414QScR9YA\/viewform?fbclid=IwZXh0bgNhZW0CMTAAYnJpZBExY1pnMWt1Z1MwczNGb2FOcwEeXi6wFdo7bTKCj0ru8eOeNWoBPlkD63Rz3MRSo1Z19AhJCFNxxNuI2vALXXY_aem_YPsJQIGbgJqRHH6x5K07RA\">Remplir le questionnaire<\/a><\/div>\n<\/div>\n\n\n\n<p><strong>La dur\u00e9e pour le compl\u00e9ter est estim\u00e9e \u00e0 huit minutes pour les personnes les plus rapides et \u00e0 quinze minutes maximum pour les adeptes de la lenteur !<\/strong><\/p>\n\n\n\n<p><\/p>\n\n\n\n<p><\/p>\n\n\n\n<h2 class=\"wp-block-heading\">Les premiers r\u00e9sultats<\/h2>\n\n\n\n<p>Les premiers r\u00e9sultats ont \u00e9t\u00e9 analys\u00e9s (mais l&rsquo;enqu\u00eate continue) vous pouvez les lire ci-dessous : <\/p>\n\n\n\n<div data-wp-interactive=\"core\/file\" class=\"wp-block-file\"><object data-wp-bind--hidden=\"!state.hasPdfPreview\" hidden class=\"wp-block-file__embed\" data=\"https:\/\/conteurspro.fr\/site\/wp-content\/uploads\/2025\/09\/Resultats-questionnaire-Repertoire.-PDF-1.pdf\" type=\"application\/pdf\" style=\"width:100%;height:600px\" aria-label=\"Contenu embarqu\u00e9 Re\u0301sultats questionnaire Re\u0301pertoire. PDF (1).\"><\/object><a id=\"wp-block-file--media-bb44aa84-cd7e-46c0-a3c6-d86139f2cde3\" href=\"https:\/\/conteurspro.fr\/site\/wp-content\/uploads\/2025\/09\/Resultats-questionnaire-Repertoire.-PDF-1.pdf\">Re\u0301sultats questionnaire Re\u0301pertoire. PDF (1)<\/a><a href=\"https:\/\/conteurspro.fr\/site\/wp-content\/uploads\/2025\/09\/Resultats-questionnaire-Repertoire.-PDF-1.pdf\" class=\"wp-block-file__button wp-element-button\" download aria-describedby=\"wp-block-file--media-bb44aa84-cd7e-46c0-a3c6-d86139f2cde3\">T\u00e9l\u00e9charger<\/a><\/div>\n","protected":false},"excerpt":{"rendered":"<p>La commission r\u00e9pertoire est n\u00e9e lors de l\u2019assembl\u00e9e g\u00e9n\u00e9rale de septembre 2024 en Bretagne. Elle se veut \u00eatre : &#8211; Un espace de partage de connaissances et d\u2019enrichissement mutuel en mati\u00e8re de r\u00e9pertoire. &#8211; Un lieu de transmission et d\u2019\u00e9changes entre les diverses g\u00e9n\u00e9rations de conteurs et conteuses.&nbsp;&#8211; Un espace de questionnement du r\u00e9pertoire dans sa dimension contemporaine. L&rsquo;enqu\u00eate Les membres de la commission ont lanc\u00e9&nbsp;une enqu\u00eate visant \u00e0 mieux conna\u00eetre ce que les adh\u00e9rent-es portent en mati\u00e8re de r\u00e9pertoire. Cette enqu\u00eate permettra de faire \u00e9merger un panorama le plus large possible de ce qui se raconte aujourd&rsquo;hui.&nbsp;Mais nous l&rsquo;avons aussi pens\u00e9 pour soutenir et accompagner les futures actions de la commission par le collectage d&rsquo;id\u00e9es, d&rsquo;envies et le rep\u00e9rage de ressources et comp\u00e9tences particuli\u00e8res. L&rsquo;objectif de ce questionnaire est de cr\u00e9er du lien et de permettre, \u00e0 terme, des espaces de partage de connaissance, de transmission et d&rsquo;enrichissement mutuel en mati\u00e8re de r\u00e9pertoire. Toutes les contributions sont n\u00e9cessaires et bienvenues : Il n&rsquo;est ni besoin d&rsquo;\u00eatre adh\u00e9rent-es \u00e0 L&rsquo;APACC ni d&rsquo;\u00eatre un.e expert.e du r\u00e9pertoire pour participer ! Le lien vers le questionnaire, c&rsquo;est ici : La dur\u00e9e pour le compl\u00e9ter est estim\u00e9e \u00e0 huit minutes pour les personnes les plus rapides et \u00e0 quinze minutes maximum pour les adeptes de la lenteur ! Les premiers r\u00e9sultats Les premiers r\u00e9sultats ont \u00e9t\u00e9 analys\u00e9s (mais l&rsquo;enqu\u00eate continue) vous pouvez les lire ci-dessous :<\/p>\n","protected":false},"author":23,"featured_media":4757,"parent":0,"menu_order":0,"comment_status":"closed","ping_status":"closed","template":"","meta":{"footnotes":""},"class_list":["post-4755","page","type-page","status-publish","has-post-thumbnail","hentry"],"_links":{"self":[{"href":"https:\/\/conteurspro.fr\/site\/wp-json\/wp\/v2\/pages\/4755","targetHints":{"allow":["GET"]}}],"collection":[{"href":"https:\/\/conteurspro.fr\/site\/wp-json\/wp\/v2\/pages"}],"about":[{"href":"https:\/\/conteurspro.fr\/site\/wp-json\/wp\/v2\/types\/page"}],"author":[{"embeddable":true,"href":"https:\/\/conteurspro.fr\/site\/wp-json\/wp\/v2\/users\/23"}],"replies":[{"embeddable":true,"href":"https:\/\/conteurspro.fr\/site\/wp-json\/wp\/v2\/comments?post=4755"}],"version-history":[{"count":4,"href":"https:\/\/conteurspro.fr\/site\/wp-json\/wp\/v2\/pages\/4755\/revisions"}],"predecessor-version":[{"id":4776,"href":"https:\/\/conteurspro.fr\/site\/wp-json\/wp\/v2\/pages\/4755\/revisions\/4776"}],"wp:featuredmedia":[{"embeddable":true,"href":"https:\/\/conteurspro.fr\/site\/wp-json\/wp\/v2\/media\/4757"}],"wp:attachment":[{"href":"https:\/\/conteurspro.fr\/site\/wp-json\/wp\/v2\/media?parent=4755"}],"curies":[{"name":"wp","href":"https:\/\/api.w.org\/{rel}","templated":true}]}}