{"id":4887,"date":"2025-11-24T09:08:20","date_gmt":"2025-11-24T08:08:20","guid":{"rendered":"https:\/\/conteurspro.fr\/site\/?page_id=4887"},"modified":"2025-11-24T09:08:21","modified_gmt":"2025-11-24T08:08:21","slug":"matrimoine-oral-mettre-en-lumiere-les-femmes-invisibilisees","status":"publish","type":"page","link":"https:\/\/conteurspro.fr\/site\/matrimoine-oral-mettre-en-lumiere-les-femmes-invisibilisees\/","title":{"rendered":"Matrimoine oral : mettre en lumi\u00e8re les femmes invisibilis\u00e9es"},"content":{"rendered":"\n<h2 class=\"wp-block-heading\"><strong>Conteuses, anthropologues, collecteuses, folkloristes<\/strong><\/h2>\n\n\n\n<p><strong>Depuis 2019, la commission \u00e9galit\u00e9 continue, pas \u00e0 pas, son travail de visibilisation des femmes<\/strong> : comment collecter, conserver puis diffuser cet h\u00e9ritage remis au jour ? Comment notre parole d&rsquo;aujourd&rsquo;hui transforme ces ressources en mati\u00e8res artistiques, non seulement pour ne plus les oublier, mais pour&nbsp; cr\u00e9er et transmettre des formes contemporaines de ces \u0153uvres.<strong>&nbsp;<\/strong><\/p>\n\n\n\n<p><\/p>\n\n\n\n<p><a href=\"https:\/\/conteurspro.fr\/site\/wp-content\/uploads\/2023\/12\/04-oct-22-Nannette-pour-la-GO-3.pdf\"><img loading=\"lazy\" decoding=\"async\" class=\"alignnone\" src=\"https:\/\/conteurspro.fr\/site\/wp-content\/uploads\/2023\/12\/visuel-colloque.png\" alt=\"\" width=\"1356\" height=\"387\"><\/a><span style=\"font-family: verdana, sans-serif;\"><a href=\"https:\/\/lagrandeoreille.fr\/\"><span style=\"color: #0000ff;\">La Grande Oreille <\/span><\/a><\/span>s&rsquo;associe \u00e0 l&rsquo;initiative de l&rsquo;APACC en ouvrant une rubrique \u00e0 chaque num\u00e9ro :<\/p>\n\n\n\n<p><span style=\"font-family: verdana, sans-serif;\"><span style=\"color: #3366ff;\"><a style=\"color: #3366ff;\" href=\"https:\/\/fr.wikipedia.org\/wiki\/Nannette_L%C3%A9vesque\">Nanette L\u00e9vesque,<\/a><\/span> <\/span>conteuse et chanteuse, la Grande Oreille<a href=\"https:\/\/lagrandeoreille.fr\/article\/89\" data-type=\"link\" data-id=\"https:\/\/lagrandeoreille.fr\/article\/89\"> N\u00b0 89 d\u00e9cembre 2022<\/a><\/p>\n\n\n\n<p><span style=\"font-family: verdana, sans-serif;\"><span style=\"color: #0000ff;\"><a style=\"color: #0000ff;\" href=\"https:\/\/fr.wikipedia.org\/wiki\/Alice_Taverne\">Alice Taverne,<\/a><\/span><\/span>ethnologue, collectrice et cr\u00e9atrice d\u2019un mus\u00e9e,&nbsp;La Grande Oreille <a href=\"https:\/\/lagrandeoreille.fr\/article\/90\" data-type=\"link\" data-id=\"https:\/\/lagrandeoreille.fr\/article\/90\">N\u00b0 90 avril 2023<\/a><\/p>\n\n\n\n<p><span style=\"font-family: verdana, sans-serif;\"><span style=\"color: #0000ff;\"><a style=\"color: #0000ff;\" href=\"https:\/\/fr.wikipedia.org\/wiki\/Suzanne_C%C3%A9saire\">Suzanne Roussi-C\u00e9saire<\/a><\/span> et <span style=\"color: #0000ff;\"><a style=\"color: #0000ff;\" href=\"https:\/\/fr.wikipedia.org\/wiki\/Paulette_Nardal\">les soeurs Nardal,<\/a><\/span><\/span> pionni\u00e8res de la notion de n\u00e9gritude La Grande oreille <a href=\"https:\/\/lagrandeoreille.fr\/article\/92\" data-type=\"link\" data-id=\"https:\/\/lagrandeoreille.fr\/article\/92\">N\u00b0 92 octobre 2023<\/a><\/p>\n\n\n\n<p><span style=\"color: #0000ff;\"><a style=\"color: #0000ff;\" href=\"https:\/\/fr.wikipedia.org\/wiki\/Ang%C3%A9lina_Duplessix\">Angelina Duplessis<\/a>,<\/span> conteuse et collecteuse, La Grande Oreille <a href=\"https:\/\/lagrandeoreille.fr\/article\/93\" data-type=\"link\" data-id=\"https:\/\/lagrandeoreille.fr\/article\/93\">N\u00b093 d\u00e9cembre 2023<\/a><\/p>\n\n\n\n<p><span style=\"color: #0000ff;\"><a style=\"color: #0000ff;\" href=\"https:\/\/fr.wikipedia.org\/wiki\/Maryvonne_Le_Flem\">Maryvonne le Flemm<\/a><\/span>, collecteuse, <span style=\"color: #0000ff;\"><span style=\"color: #000000;\">La Grande Oreille <a href=\"https:\/\/lagrandeoreille.fr\/article\/94\" data-type=\"link\" data-id=\"https:\/\/lagrandeoreille.fr\/article\/94\">N\u00b094 mars 2024<\/a><\/span><\/span><\/p>\n\n\n\n<p><span style=\"color: #0000ff;\"><a style=\"color: #0000ff;\" href=\"https:\/\/fr.wikipedia.org\/wiki\/Marguerite_Philippe\">Marguerite Philippe<\/a>, <span style=\"color: #000000;\">conteuse et chanteuse, La Grande Oreille<a href=\"https:\/\/lagrandeoreille.fr\/article\/95\" data-type=\"link\" data-id=\"https:\/\/lagrandeoreille.fr\/article\/95\"> N\u00b095 juin 2024<\/a><\/span><\/span><\/p>\n\n\n\n<p><strong>Euphrasie Pichon, <\/strong>c<span style=\"color: #0000ff;\"><span style=\"color: #000000;\">onteuse et chanteuse,<\/span><\/span> collect\u00e9e par <strong>Ariane de F\u00e9lice&nbsp;<\/strong><span style=\"color: #0000ff;\"><span style=\"color: #000000;\"> La Grande Oreille <a href=\"https:\/\/lagrandeoreille.fr\/article\/96\" data-type=\"link\" data-id=\"https:\/\/lagrandeoreille.fr\/article\/96\">N\u00b096 octobre  2024<\/a><\/span><\/span><\/p>\n\n\n\n<p>&nbsp;<strong>Alice Joisten<\/strong>, collecteuse avec son mari <a href=\"https:\/\/fr.wikipedia.org\/wiki\/Charles_Joisten\" data-type=\"link\" data-id=\"https:\/\/fr.wikipedia.org\/wiki\/Charles_Joisten\">Charles Joisten<\/a> ,<span style=\"color: #0000ff;\"><span style=\"color: #000000;\"> La Grande Oreille<\/span><\/span> <a href=\"https:\/\/lagrandeoreille.fr\/article\/97-lhiver\" data-type=\"link\" data-id=\"https:\/\/lagrandeoreille.fr\/article\/97-lhiver\">N\u00b097 d\u00e9cembre&nbsp;2024 <\/a><\/p>\n\n\n\n<p><strong> Marcelle Delplastre,<\/strong> po\u00e9tesse paysanne,<strong> &nbsp;<\/strong><span style=\"color: #0000ff;\"><span style=\"color: #000000;\">La Grande Oreille<\/span><\/span>&nbsp;<a href=\"https:\/\/lagrandeoreille.fr\/article\/99-mon-ami-le-jardin\" data-type=\"link\" data-id=\"https:\/\/lagrandeoreille.fr\/article\/99-mon-ami-le-jardin\">N\u00b0 99 juin 2025<\/a><\/p>\n\n\n\n<p>Pour ces trois derni\u00e8res, une fiche WP est en cours.<\/p>\n\n\n<div class=\"wp-block-image\">\n<figure class=\"alignleft\"><a href=\"https:\/\/conteurspro.fr\/site\/wp-content\/uploads\/2023\/11\/colloque-APPAC-egalite-octobre-2023-27-scaled.jpg\"><img loading=\"lazy\" decoding=\"async\" width=\"225\" height=\"300\" src=\"https:\/\/conteurspro.fr\/site\/wp-content\/uploads\/2023\/11\/colloque-APPAC-egalite-octobre-2023-27-225x300.jpg\" alt=\"\" class=\"wp-image-2961\" srcset=\"https:\/\/conteurspro.fr\/site\/wp-content\/uploads\/2023\/11\/colloque-APPAC-egalite-octobre-2023-27-225x300.jpg 225w, https:\/\/conteurspro.fr\/site\/wp-content\/uploads\/2023\/11\/colloque-APPAC-egalite-octobre-2023-27-768x1024.jpg 768w, https:\/\/conteurspro.fr\/site\/wp-content\/uploads\/2023\/11\/colloque-APPAC-egalite-octobre-2023-27-1152x1536.jpg 1152w, https:\/\/conteurspro.fr\/site\/wp-content\/uploads\/2023\/11\/colloque-APPAC-egalite-octobre-2023-27-1536x2048.jpg 1536w, https:\/\/conteurspro.fr\/site\/wp-content\/uploads\/2023\/11\/colloque-APPAC-egalite-octobre-2023-27-scaled.jpg 1920w\" sizes=\"auto, (max-width: 225px) 100vw, 225px\" \/><\/a><\/figure>\n<\/div>\n\n\n<p><\/p>\n\n\n\n<p><span style=\"color: #3366ff;\"><a href=\"https:\/\/fr.wikipedia.org\/wiki\/Les_sans_pagEs\" data-type=\"link\" data-id=\"https:\/\/fr.wikipedia.org\/wiki\/Les_sans_pagEs\" target=\"_blank\" rel=\"noreferrer noopener\">Les sans pagEs<\/a>,<\/span> qui nous accompagne pour faire des fiches de femmes \u00e0 visibiliser sur Wikip\u00e9dia, propose r\u00e9guli\u00e8rement<span style=\"color: #0000ff;\"><a style=\"color: #0000ff;\" href=\"https:\/\/fr.m.wikipedia.org\/wiki\/Projet:Les_sans_pagEs\/Paris\/Violette_and_Co\"> des ateliers<\/a> <\/span>ouverts \u00e0 toustes. N&rsquo;h\u00e9sitez pas \u00e0 y aller pour obtenir de l&rsquo;aide technique.&nbsp; &nbsp; &nbsp; &nbsp; &nbsp; &nbsp; &nbsp; &nbsp; <strong>Apportez votre petite pierre \u00e0 l&rsquo;\u00e9difice <\/strong>en consultant<span style=\"color: #3366ff;\"><a href=\"https:\/\/fr.wikipedia.org\/wiki\/Projet:Les_sans_pagEs\/Conteuses,_collecteuses,_folkloristes,_chercheuses,_anthropologues,_ethnologues_oubli%C3%A9es\/Liste_de_travail#Liste_de_travail_non_exhaustive\" data-type=\"link\" data-id=\"https:\/\/fr.wikipedia.org\/wiki\/Projet:Les_sans_pagEs\/Conteuses,_collecteuses,_folkloristes,_chercheuses,_anthropologues,_ethnologues_oubli%C3%A9es\/Liste_de_travail#Liste_de_travail_non_exhaustive\"> notre liste de travail&nbsp;<\/a><\/span>de femmes \u00e0 visibiliser sur Wikip\u00e9dia. Cette liste est en acc\u00e8s libre : les femmes non encore r\u00e9pertori\u00e9es par l\u2019encyclop\u00e9die sont en rouge. Si vous en savez plus sur l\u2019une d\u2019elle, dites le nous ! Attention pour modifier quelque chose sur Wikip\u00e9dia, il est grandement conseill\u00e9 d\u2019y avoir un compte ! Sinon, \u00e9crivez nous sur<span style=\"color: #3366ff;\"> <a style=\"color: #3366ff;\" href=\"m&#97;&#x69;&#x6c;t&#111;&#58;&#x65;&#x67;a&#108;&#105;&#x74;&#x65;&#64;&#99;&#x6f;&#x6e;&#x74;e&#117;&#x72;&#x73;p&#114;&#111;&#x2e;&#x66;r\" target=\"_blank\" rel=\"noopener\">egal&#105;&#116;&#101;&#64;&#99;&#111;&#110;&#x74;&#x65;&#x75;&#x72;&#x73;&#x70;&#x72;&#x6f;&#x2e;fr<\/a>,<\/span> on vous expliquera tout !<span style=\"color: #3366ff;\"> <a style=\"color: #3366ff;\" href=\"https:\/\/conteurspro.fr\/site\/wp-content\/uploads\/2021\/02\/Fiche-preparation-Wikipedia.pdf\">La Fiche pr\u00e9paration Wikipedia<\/a><\/span> vous donnera une id\u00e9e des quelques Himalayas qu\u2019il nous reste \u00e0 escalader pour que ces femmes remarquables soient enfin visibles.<\/p>\n\n\n<div class=\"wp-block-image\">\n<figure class=\"alignright\"><img decoding=\"async\" src=\"https:\/\/conteurspro.fr\/site\/wp-content\/uploads\/2023\/11\/colloque-APPAC-egalite-octobre-2023-3-scaled-e1703371192640.jpg\" alt=\"\"\/><\/figure>\n<\/div>\n\n\n<p><strong> Pourquoi ce chantier ? <\/strong>L&rsquo;oubli ou l&rsquo;impossibilit\u00e9 d&rsquo;acc\u00e9der aux&nbsp; travaux&nbsp; de nombreuses chercheuses ont conduit la commission \u00e9galit\u00e9 de l&rsquo;APACC \u00e0 proposer ce chantier, d\u00e8s 2019, pour engager une d\u00e9marche r\u00e9flexive et concr\u00e8te visant \u00e0 r\u00e9tablir ces oublis. Le chantier est colossal mais\u2026 enthousiasmant ! Nous allons de d\u00e9couvertes en d\u00e9couvertes\u2026<br><strong>Saviez vous que :<\/strong><br><strong>Perrine Luzel<\/strong>, paysanne parlant et \u00e9crivant breton a collabor\u00e9 de fa\u00e7on essentielle \u00e0 la collecte de son fr\u00e8re <strong>Fran\u00e7ois Marie Luzel<\/strong> ?<br>Des contes malgaches ont \u00e9t\u00e9 collect\u00e9s et illustr\u00e9s par <strong>Jeanne de Longchamps<\/strong> et \u00e9dit\u00e9s en 1955&nbsp; avec une post face de <strong>Paul Delarue<\/strong> ?<br><strong>Giuseppe Pitr\u00e9<\/strong>, ethnographe sicilien, consid\u00e9rait <strong>les conteuses de Palerme<\/strong> comme infiniment plus dou\u00e9es que leurs homologues&nbsp; masculins ?<br><strong>Josiane Bru, Lydia Gaborit, Ariane de F\u00e9lice<\/strong>, etc&#8230; ne sont pas r\u00e9f\u00e9renc\u00e9es sur Wikip\u00e9dia ?<\/p>\n\n\n\n<h3 class=\"wp-block-heading\"><strong>Les rencontres pass\u00e9es sur ce th\u00e8me :<\/strong><\/h3>\n\n\n\n<ul class=\"wp-block-list\">\n<li><a style=\"color: rgb(51, 102, 255); font-weight: bold;\" href=\"https:\/\/conteurspro.fr\/site\/wp-content\/uploads\/2024\/04\/Colloque-Matrimoine-oral-octobre-2023.pdf\"><strong>CR colloque des 19 et 20 octobre 2023&nbsp;<\/strong><\/a><\/li>\n\n\n\n<li> <strong>Ecouter<\/strong><span style=\"color: #3366ff;\"><strong><a style=\"color: #3366ff;\" href=\"https:\/\/rncap.org\/maps-materiel-a-partager\/\"> ce MAP&rsquo;s#25<\/a><\/strong>&nbsp;<\/span><\/li>\n\n\n\n<li>Lire <strong>Les archives du matrimoine d&rsquo;Eric Desgrugillers<\/strong> : cliquer<strong><span style=\"color: #0000ff;\"> <a style=\"color: #0000ff;\" href=\"https:\/\/conteurspro.fr\/site\/wp-content\/uploads\/2024\/04\/Les-archives-du-matrimoine-Eric-Desgrugillers.pdf\">ici<\/a><\/span><\/strong><\/li>\n\n\n\n<li><a href=\"https:\/\/conteurspro.fr\/site\/wp-content\/uploads\/2022\/06\/CR-femmes-anthropologues-02-mai-2022.pdf\"><span style=\"color: #3366ff;\">CR femmes anthropologues 02 mai 2022<\/span>&nbsp; <span style=\"color: #ff6600;\">&nbsp;<\/span><\/a><span style=\"color: #3366ff;\"><a style=\"color: #3366ff;\" href=\"https:\/\/rncap.org\/wp-content\/uploads\/2022\/10\/MAPS-e%CC%81galite%CC%81-homme-femme.pdf\">MAP&rsquo;s#12<\/a><\/span><strong> : <\/strong>\u00e9galit\u00e9 hommes\/femmes dans le spectacle vivant.<\/li>\n\n\n\n<li><a style=\"font-size: revert;\" href=\"https:\/\/conteurspro.fr\/site\/wp-content\/uploads\/2020\/03\/Visibilit\u00e9-des-femmes-anthropologues-CR-int\u00e9gral-du-8-oct-2019.pdf\"><span style=\"color: #3366ff;\">Visibilit\u00e9 des femmes anthropologues CR int\u00e9gral du 8 oct 2019&nbsp;<\/span> <span style=\"color: #000000;\">avec&nbsp; les textes des conf\u00e9rences de<strong> Aurore Evain <\/strong>(Matrimoine et autrice : des mots interdits, des femmes et des oeuvres d\u00e9l\u00e9gitim\u00e9es) et de<strong> Jean Lo\u00efc Le Quellec<\/strong> (O\u00f9 sont les femmes anthropologues ?) <\/span><\/a><\/li>\n\n\n\n<li><span style=\"color: #3366ff;\"><a style=\"color: #3366ff;\" href=\"https:\/\/conteurspro.fr\/site\/wp-content\/uploads\/2023\/12\/Manifeste-2019-10-18-valide-par-lag.pdf\">Le Manifeste<\/a><\/span><span style=\"font-size: revert;\"> r\u00e9dig\u00e9 \u00e0 cette occasion et valid\u00e9 par l&rsquo;Apacc lors de l&rsquo;AG de 2020&nbsp;<\/span><\/li>\n\n\n\n<li>L&rsquo;article r\u00e9dig\u00e9 avec <strong style=\"font-size: revert;\">la Grande Oreille n\u00b079<\/strong><span style=\"font-size: revert;\"> :&nbsp; <\/span><a style=\"font-size: revert;\" href=\"https:\/\/conteurspro.fr\/site\/wp-content\/uploads\/2020\/09\/FEMMES_INVISIBLES-article-Grande-Oreille-fevrier-2020.pdf\"><span style=\"color: #3366ff;\">Les femmes invisibles&nbsp; &nbsp;<\/span> &nbsp; &nbsp; &nbsp; &nbsp; &nbsp; &nbsp; &nbsp; &nbsp; &nbsp;&nbsp;<\/a><\/li>\n<\/ul>\n\n\n<div class=\"wp-block-image\">\n<figure class=\"aligncenter\"><img loading=\"lazy\" decoding=\"async\" width=\"300\" height=\"105\" src=\"https:\/\/conteurspro.fr\/site\/wp-content\/uploads\/2021\/12\/IMG_0913-bis-300x105.jpg\" alt=\"\" class=\"wp-image-1875\" srcset=\"https:\/\/conteurspro.fr\/site\/wp-content\/uploads\/2021\/12\/IMG_0913-bis-300x105.jpg 300w, https:\/\/conteurspro.fr\/site\/wp-content\/uploads\/2021\/12\/IMG_0913-bis-1024x359.jpg 1024w, https:\/\/conteurspro.fr\/site\/wp-content\/uploads\/2021\/12\/IMG_0913-bis-768x269.jpg 768w, https:\/\/conteurspro.fr\/site\/wp-content\/uploads\/2021\/12\/IMG_0913-bis-1536x538.jpg 1536w, https:\/\/conteurspro.fr\/site\/wp-content\/uploads\/2021\/12\/IMG_0913-bis-2048x717.jpg 2048w\" sizes=\"auto, (max-width: 300px) 100vw, 300px\" \/><\/figure>\n<\/div>","protected":false},"excerpt":{"rendered":"<p>Conteuses, anthropologues, collecteuses, folkloristes Depuis 2019, la commission \u00e9galit\u00e9 continue, pas \u00e0 pas, son travail de visibilisation des femmes : comment collecter, conserver puis diffuser cet h\u00e9ritage remis au jour ? Comment notre parole d&rsquo;aujourd&rsquo;hui transforme ces ressources en mati\u00e8res artistiques, non seulement pour ne plus les oublier, mais pour&nbsp; cr\u00e9er et transmettre des formes contemporaines de ces \u0153uvres.&nbsp; La Grande Oreille s&rsquo;associe \u00e0 l&rsquo;initiative de l&rsquo;APACC en ouvrant une rubrique \u00e0 chaque num\u00e9ro : Nanette L\u00e9vesque, conteuse et chanteuse, la Grande Oreille N\u00b0 89 d\u00e9cembre 2022 Alice Taverne,ethnologue, collectrice et cr\u00e9atrice d\u2019un mus\u00e9e,&nbsp;La Grande Oreille N\u00b0 90 avril 2023 Suzanne Roussi-C\u00e9saire et les soeurs Nardal, pionni\u00e8res de la notion de n\u00e9gritude La Grande oreille N\u00b0 92 octobre 2023 Angelina Duplessis, conteuse et collecteuse, La Grande Oreille N\u00b093 d\u00e9cembre 2023 Maryvonne le Flemm, collecteuse, La Grande Oreille N\u00b094 mars 2024 Marguerite Philippe, conteuse et chanteuse, La Grande Oreille N\u00b095 juin 2024 Euphrasie Pichon, conteuse et chanteuse, collect\u00e9e par Ariane de F\u00e9lice&nbsp; La Grande Oreille N\u00b096 octobre 2024 &nbsp;Alice Joisten, collecteuse avec son mari Charles Joisten , La Grande Oreille N\u00b097 d\u00e9cembre&nbsp;2024 Marcelle Delplastre, po\u00e9tesse paysanne, &nbsp;La Grande Oreille&nbsp;N\u00b0 99 juin 2025 Pour ces trois derni\u00e8res, une fiche WP est en cours. Les sans pagEs, qui nous accompagne pour faire des fiches de femmes \u00e0 visibiliser sur Wikip\u00e9dia, propose r\u00e9guli\u00e8rement des ateliers ouverts \u00e0 toustes. N&rsquo;h\u00e9sitez pas \u00e0 y aller pour obtenir de l&rsquo;aide technique.&nbsp; &nbsp; &nbsp; &nbsp; &nbsp; &nbsp; &nbsp; &nbsp; Apportez votre petite pierre \u00e0 l&rsquo;\u00e9difice en consultant notre liste de travail&nbsp;de femmes \u00e0 visibiliser sur Wikip\u00e9dia. Cette liste est en acc\u00e8s libre : les femmes non encore r\u00e9pertori\u00e9es par l\u2019encyclop\u00e9die sont en rouge. Si vous en savez plus sur l\u2019une d\u2019elle, dites le nous ! Attention pour modifier quelque chose sur Wikip\u00e9dia, il est grandement conseill\u00e9 d\u2019y avoir un compte ! Sinon, \u00e9crivez nous sur e&#103;&#97;&#x6c;&#x69;&#x74;e&#64;&#99;&#111;&#x6e;&#x74;&#x65;u&#114;&#115;&#112;&#x72;&#x6f;&#x2e;f&#114;, on vous expliquera tout ! La Fiche pr\u00e9paration Wikipedia vous donnera une id\u00e9e des quelques Himalayas qu\u2019il nous reste \u00e0 escalader pour que ces femmes remarquables soient enfin visibles. Pourquoi ce chantier ? L&rsquo;oubli ou l&rsquo;impossibilit\u00e9 d&rsquo;acc\u00e9der aux&nbsp; travaux&nbsp; de nombreuses chercheuses ont conduit la commission \u00e9galit\u00e9 de l&rsquo;APACC \u00e0 proposer ce chantier, d\u00e8s 2019, pour engager une d\u00e9marche r\u00e9flexive et concr\u00e8te visant \u00e0 r\u00e9tablir ces oublis. Le chantier est colossal mais\u2026 enthousiasmant ! Nous allons de d\u00e9couvertes en d\u00e9couvertes\u2026Saviez vous que :Perrine Luzel, paysanne parlant et \u00e9crivant breton a collabor\u00e9 de fa\u00e7on essentielle \u00e0 la collecte de son fr\u00e8re Fran\u00e7ois Marie Luzel ?Des contes malgaches ont \u00e9t\u00e9 collect\u00e9s et illustr\u00e9s par Jeanne de Longchamps et \u00e9dit\u00e9s en 1955&nbsp; avec une post face de Paul Delarue ?Giuseppe Pitr\u00e9, ethnographe sicilien, consid\u00e9rait les conteuses de Palerme comme infiniment plus dou\u00e9es que leurs homologues&nbsp; masculins ?Josiane Bru, Lydia Gaborit, Ariane de F\u00e9lice, etc&#8230; ne sont pas r\u00e9f\u00e9renc\u00e9es sur Wikip\u00e9dia ? Les rencontres pass\u00e9es sur ce th\u00e8me :<\/p>\n","protected":false},"author":23,"featured_media":0,"parent":0,"menu_order":0,"comment_status":"closed","ping_status":"closed","template":"","meta":{"footnotes":""},"class_list":["post-4887","page","type-page","status-publish","hentry"],"_links":{"self":[{"href":"https:\/\/conteurspro.fr\/site\/wp-json\/wp\/v2\/pages\/4887","targetHints":{"allow":["GET"]}}],"collection":[{"href":"https:\/\/conteurspro.fr\/site\/wp-json\/wp\/v2\/pages"}],"about":[{"href":"https:\/\/conteurspro.fr\/site\/wp-json\/wp\/v2\/types\/page"}],"author":[{"embeddable":true,"href":"https:\/\/conteurspro.fr\/site\/wp-json\/wp\/v2\/users\/23"}],"replies":[{"embeddable":true,"href":"https:\/\/conteurspro.fr\/site\/wp-json\/wp\/v2\/comments?post=4887"}],"version-history":[{"count":1,"href":"https:\/\/conteurspro.fr\/site\/wp-json\/wp\/v2\/pages\/4887\/revisions"}],"predecessor-version":[{"id":4888,"href":"https:\/\/conteurspro.fr\/site\/wp-json\/wp\/v2\/pages\/4887\/revisions\/4888"}],"wp:attachment":[{"href":"https:\/\/conteurspro.fr\/site\/wp-json\/wp\/v2\/media?parent=4887"}],"curies":[{"name":"wp","href":"https:\/\/api.w.org\/{rel}","templated":true}]}}