{"id":4907,"date":"2025-11-24T10:08:47","date_gmt":"2025-11-24T09:08:47","guid":{"rendered":"https:\/\/conteurspro.fr\/site\/?page_id=4907"},"modified":"2025-11-24T10:32:26","modified_gmt":"2025-11-24T09:32:26","slug":"actualites-de-la-commission-egalite","status":"publish","type":"page","link":"https:\/\/conteurspro.fr\/site\/actualites-de-la-commission-egalite\/","title":{"rendered":"Actualit\u00e9s de la commission Egalit\u00e9"},"content":{"rendered":"<div class=\"wp-block-image\">\n<figure class=\"aligncenter size-large is-resized\"><img loading=\"lazy\" decoding=\"async\" width=\"1024\" height=\"844\" src=\"https:\/\/conteurspro.fr\/site\/wp-content\/uploads\/2023\/12\/AG-septembre-2023-7-1024x844.jpg\" alt=\"\" class=\"wp-image-3103\" style=\"width:396px;height:auto\"\/><\/figure>\n<\/div>\n\n\n<p>\u00b0La commission Egalit\u00e9 a commandit\u00e9, avec le RNCAP, une \u00e9tude sur l&rsquo;\u00e9galit\u00e9 dans les programmations des festivals de contes. Les r\u00e9sultats de cette \u00e9tude sont disponibles <a href=\"https:\/\/conteurspro.fr\/site\/2025\/09\/16\/resultats-de-letude-sur-legalite-dans-les-programmations\/\">en cliquant-ici. <\/a><\/p>\n\n\n\n<p> La<a href=\"https:\/\/conteurspro.fr\/site\/la-charte-pour-une-programmation-inclusive-et-equitable\/\" data-type=\"page\" data-id=\"4588\">\u00a0\u00ab\u00a0Charte pour une programmation \u00e9quitable et inclusive\u00a0\u00bb <\/a>, propos\u00e9e par \u00ab\u00a0le Collectif pour une parole \u00e9galitaire\u00a0\u00bb,\u00a0 a \u00e9t\u00e9 travaill\u00e9e et valid\u00e9e par l&rsquo;APACC et le RNCAP. Que vous soyez programmateurice, conteureuse ou simplement spectateurice, vous pouvez la signer.<\/p>\n\n\n\n<p>\u00b0<strong> Oralit\u00e9 inclusive  : <\/strong>La commission \u00e9galit\u00e9 s&rsquo;est r\u00e9unie de visu <strong>le 12 janvier<\/strong>, \u00e0 Lyon, accueillie g\u00e9n\u00e9reusement chez Frida Morrone et avons pass\u00e9 une journ\u00e9e passionnante et productive. Y a pas \u00e0 dire, se voir en vrai, \u00e7a vaut le coup ! Nous avons avanc\u00e9 sur tous nos chantiers et avons pu aborder les sujets de fond comme les choses les plus urgentes. Les id\u00e9es ont fus\u00e9 dans tous les sens, les \u00e9nergies se sont retrouv\u00e9es, concentr\u00e9es et rassembl\u00e9es. Nous abordons 2025 avec un nouvel \u00e9lan f\u00e9ministe et inclusif !&nbsp; <strong>Le 13 janvier<\/strong> , nous avons toustes particip\u00e9 \u00e0 une <strong>AC <\/strong>sur ce th\u00e8me, joyeuse et passionnante.<\/p>\n\n\n\n<p>\u00b0&nbsp; <strong>Femmes re-visibilis\u00e9es<\/strong>&nbsp; : <strong>Les 16 octobre et 17 octobre<\/strong>, nous avons poursuivi notre chantier pour \u00e9tablir des fiches Wikip\u00e9dia sur des conteuses, collecteuses ou autres invisibilis\u00e9es jusqu&rsquo;\u00e0 nos jours. Le 16 a \u00e9t\u00e9 une journ\u00e9e de r\u00e9flexions et d&rsquo;\u00e9changes autour des femmes invisibilis\u00e9es. Il a \u00e9t\u00e9 question de resserrer notre travail sur les conteuses du pass\u00e9 mais aussi du pr\u00e9sent (vivantes ou d\u00e9c\u00e9d\u00e9es derni\u00e8rement) et les anthropologues qui ont r\u00e9ellement travaill\u00e9 sur le conte. Notre but, \u00e9tant de les rendre visibles et accessibles au plus grand nombre avec nos articles sur la Grande Oreille, une mise en lien sur notre site APACC et d&rsquo;autres sites, de leur cr\u00e9er des fiches sur&nbsp; Wikip\u00e9dia. Le 17 nous avons travaill\u00e9 avec&nbsp;<span style=\"color: #3366ff;\"><a href=\"https:\/\/fr.wikipedia.org\/wiki\/Les_sans_pagEs\" data-type=\"link\" data-id=\"https:\/\/fr.wikipedia.org\/wiki\/Les_sans_pagEs\" target=\"_blank\" rel=\"noreferrer noopener\">Les sans pagEs<\/a><\/span> &#8211; voir<a href=\"https:\/\/fr.wikipedia.org\/wiki\/Projet:Les_sans_pagEs\" data-type=\"link\" data-id=\"https:\/\/fr.wikipedia.org\/wiki\/Projet:Les_sans_pagEs\"> le CR de cet atelier<\/a> par Natacha Rault , fondatrice des sans pagEs- qui nous a appris ou rappel\u00e9 l&rsquo;historique et les actions de cet espace WP d\u00e9di\u00e9 aux femmes et comment cr\u00e9er une fiche WP pour mettre en valeur les conteuses, collecteuses, anthropologues \/ethnologues.&nbsp;Nous avons travaill\u00e9 sur <strong>Alice Joisten, Euphrasie Pichon, Catherine Gendrin, Elise Kali, Magguy Faraux, Marie-Louise Barth\u00e9l\u00e9my, Marcelle Delplastre, Laura Gonzenbach, Eug\u00e9nie Duval.  <\/strong> Deux jours fructueux qui donnent envie de continuer cet immense chantier !<\/p>\n\n\n\n<p>\u00b0 <strong>Labo oralit\u00e9 inclusive <\/strong>: un moment d&rsquo;\u00e9changes (en visio) autour d&rsquo;un conte choisi pour \u00e9voquer les st\u00e9r\u00e9otypes sexistes et motifs probl\u00e9matiques. Le but est de r\u00e9fl\u00e9chir ensemble et de se partager nos id\u00e9es pour modifier ces passages afin de permettre au conte de se d\u00e9ployer dans toute sa beaut\u00e9 et son intemporelle modernit\u00e9. Nous avons travaill\u00e9 autour de <strong>La belle au Bois Dormant, Blanche Neige, la jeune fille sans mains<\/strong>. <\/p>\n\n\n\n<p><strong>Prochain labo : Mardi 18 novembre de 14h00 \u00e0 18h00.&nbsp;<\/strong>la th\u00e9matique de cette s\u00e9ance sera la&nbsp;<strong>\u00ab\u00a0Fille soldat\u00a0\u00bb<\/strong>.&nbsp; Renseignements et inscription aupr\u00e8s de C\u00e9cile :&nbsp;<a href=\"&#109;a&#x69;l&#x74;&#111;&#x3a;&#108;&#x61;&#99;r&#x6f;i&#x78;&#46;&#x63;&#101;&#x63;&#105;&#x6c;&#101;6&#x38;&#64;&#x67;&#109;&#x61;&#105;&#x6c;&#46;c&#x6f;m\">l&#97;&#99;&#x72;&#x6f;&#x69;&#x78;&#46;&#99;&#101;&#99;&#x69;&#x6c;&#x65;68&#64;&#103;&#x6d;&#x61;&#x69;l&#46;&#99;&#111;&#x6d;<\/a>. Le labo est limit\u00e9 \u00e0 12 participant-es (et c&rsquo;est d\u00e9j\u00e0 complet) MAIS&nbsp;<strong>vous pouvez assister aux \u00e9changes en auditeurice libre.&nbsp;<\/strong>&nbsp;<\/p>\n\n\n\n<p><strong>A VENIR : &nbsp;AC&nbsp;&nbsp;\u00ab\u00a0partage de r\u00e9pertoire f\u00e9ministe et\/ou d&#8217;empouvoirement\u00a0\u00bb&nbsp;le 02 mars 2026 \u00e0 Lyon    <\/strong> Le r\u00e9pertoire f\u00e9ministe et\/ou d&#8217;empouvoirement f\u00e9minin est tr\u00e8s demand\u00e9 aujourd&rsquo;hui, mais celui-ci peine \u00e0 circuler dans l&rsquo;oralit\u00e9.<\/p>\n\n\n\n<p><strong>Au programme : <\/strong>discussions et partages de ressources et d&rsquo;exp\u00e9riences, mais surtout du temps pour se raconter et se tramer des histoires, sans autre enjeu que le plaisir et le partage. Que vous soyez f\u00e9ministe convaincu-e-s ou simplement curieux-se, n&rsquo;h\u00e9sitez pas \u00e0 apporter votre contribution et partager ce bout de chemin avec nous !<\/p>\n\n\n<div class=\"wp-block-image\">\n<figure class=\"aligncenter size-large is-resized\"><img loading=\"lazy\" decoding=\"async\" width=\"768\" height=\"1024\" src=\"https:\/\/conteurspro.fr\/site\/wp-content\/uploads\/2025\/11\/Atelier-Wikipedia-17-octobre-2025-1-768x1024.jpg\" alt=\"\" class=\"wp-image-4908\" style=\"width:348px;height:auto\" srcset=\"https:\/\/conteurspro.fr\/site\/wp-content\/uploads\/2025\/11\/Atelier-Wikipedia-17-octobre-2025-1-768x1024.jpg 768w, https:\/\/conteurspro.fr\/site\/wp-content\/uploads\/2025\/11\/Atelier-Wikipedia-17-octobre-2025-1-225x300.jpg 225w, https:\/\/conteurspro.fr\/site\/wp-content\/uploads\/2025\/11\/Atelier-Wikipedia-17-octobre-2025-1-1152x1536.jpg 1152w, https:\/\/conteurspro.fr\/site\/wp-content\/uploads\/2025\/11\/Atelier-Wikipedia-17-octobre-2025-1-1140x1520.jpg 1140w, https:\/\/conteurspro.fr\/site\/wp-content\/uploads\/2025\/11\/Atelier-Wikipedia-17-octobre-2025-1.jpg 1536w\" sizes=\"auto, (max-width: 768px) 100vw, 768px\" \/><\/figure>\n<\/div>","protected":false},"excerpt":{"rendered":"<p>\u00b0La commission Egalit\u00e9 a commandit\u00e9, avec le RNCAP, une \u00e9tude sur l&rsquo;\u00e9galit\u00e9 dans les programmations des festivals de contes. Les r\u00e9sultats de cette \u00e9tude sont disponibles en cliquant-ici. La\u00a0\u00ab\u00a0Charte pour une programmation \u00e9quitable et inclusive\u00a0\u00bb , propos\u00e9e par \u00ab\u00a0le Collectif pour une parole \u00e9galitaire\u00a0\u00bb,\u00a0 a \u00e9t\u00e9 travaill\u00e9e et valid\u00e9e par l&rsquo;APACC et le RNCAP. Que vous soyez programmateurice, conteureuse ou simplement spectateurice, vous pouvez la signer. \u00b0 Oralit\u00e9 inclusive : La commission \u00e9galit\u00e9 s&rsquo;est r\u00e9unie de visu le 12 janvier, \u00e0 Lyon, accueillie g\u00e9n\u00e9reusement chez Frida Morrone et avons pass\u00e9 une journ\u00e9e passionnante et productive. Y a pas \u00e0 dire, se voir en vrai, \u00e7a vaut le coup ! Nous avons avanc\u00e9 sur tous nos chantiers et avons pu aborder les sujets de fond comme les choses les plus urgentes. Les id\u00e9es ont fus\u00e9 dans tous les sens, les \u00e9nergies se sont retrouv\u00e9es, concentr\u00e9es et rassembl\u00e9es. Nous abordons 2025 avec un nouvel \u00e9lan f\u00e9ministe et inclusif !&nbsp; Le 13 janvier , nous avons toustes particip\u00e9 \u00e0 une AC sur ce th\u00e8me, joyeuse et passionnante. \u00b0&nbsp; Femmes re-visibilis\u00e9es&nbsp; : Les 16 octobre et 17 octobre, nous avons poursuivi notre chantier pour \u00e9tablir des fiches Wikip\u00e9dia sur des conteuses, collecteuses ou autres invisibilis\u00e9es jusqu&rsquo;\u00e0 nos jours. Le 16 a \u00e9t\u00e9 une journ\u00e9e de r\u00e9flexions et d&rsquo;\u00e9changes autour des femmes invisibilis\u00e9es. Il a \u00e9t\u00e9 question de resserrer notre travail sur les conteuses du pass\u00e9 mais aussi du pr\u00e9sent (vivantes ou d\u00e9c\u00e9d\u00e9es derni\u00e8rement) et les anthropologues qui ont r\u00e9ellement travaill\u00e9 sur le conte. Notre but, \u00e9tant de les rendre visibles et accessibles au plus grand nombre avec nos articles sur la Grande Oreille, une mise en lien sur notre site APACC et d&rsquo;autres sites, de leur cr\u00e9er des fiches sur&nbsp; Wikip\u00e9dia. Le 17 nous avons travaill\u00e9 avec&nbsp;Les sans pagEs &#8211; voir le CR de cet atelier par Natacha Rault , fondatrice des sans pagEs- qui nous a appris ou rappel\u00e9 l&rsquo;historique et les actions de cet espace WP d\u00e9di\u00e9 aux femmes et comment cr\u00e9er une fiche WP pour mettre en valeur les conteuses, collecteuses, anthropologues \/ethnologues.&nbsp;Nous avons travaill\u00e9 sur Alice Joisten, Euphrasie Pichon, Catherine Gendrin, Elise Kali, Magguy Faraux, Marie-Louise Barth\u00e9l\u00e9my, Marcelle Delplastre, Laura Gonzenbach, Eug\u00e9nie Duval. Deux jours fructueux qui donnent envie de continuer cet immense chantier ! \u00b0 Labo oralit\u00e9 inclusive : un moment d&rsquo;\u00e9changes (en visio) autour d&rsquo;un conte choisi pour \u00e9voquer les st\u00e9r\u00e9otypes sexistes et motifs probl\u00e9matiques. Le but est de r\u00e9fl\u00e9chir ensemble et de se partager nos id\u00e9es pour modifier ces passages afin de permettre au conte de se d\u00e9ployer dans toute sa beaut\u00e9 et son intemporelle modernit\u00e9. Nous avons travaill\u00e9 autour de La belle au Bois Dormant, Blanche Neige, la jeune fille sans mains. Prochain labo : Mardi 18 novembre de 14h00 \u00e0 18h00.&nbsp;la th\u00e9matique de cette s\u00e9ance sera la&nbsp;\u00ab\u00a0Fille soldat\u00a0\u00bb.&nbsp; Renseignements et inscription aupr\u00e8s de C\u00e9cile :&nbsp;&#108;&#97;&#x63;r&#111;&#x69;&#x78;&#46;&#99;&#x65;&#x63;i&#108;&#x65;6&#56;&#x40;&#x67;m&#97;&#x69;&#x6c;&#46;&#99;&#x6f;m. Le labo est limit\u00e9 \u00e0 12 participant-es (et c&rsquo;est d\u00e9j\u00e0 complet) MAIS&nbsp;vous pouvez assister aux \u00e9changes en auditeurice libre.&nbsp;&nbsp; A VENIR : &nbsp;AC&nbsp;&nbsp;\u00ab\u00a0partage de r\u00e9pertoire f\u00e9ministe et\/ou d&#8217;empouvoirement\u00a0\u00bb&nbsp;le 02 mars 2026 \u00e0 Lyon Le r\u00e9pertoire f\u00e9ministe et\/ou d&#8217;empouvoirement f\u00e9minin est tr\u00e8s demand\u00e9 aujourd&rsquo;hui, mais celui-ci peine \u00e0 circuler dans l&rsquo;oralit\u00e9. Au programme : discussions et partages de ressources et d&rsquo;exp\u00e9riences, mais surtout du temps pour se raconter et se tramer des histoires, sans autre enjeu que le plaisir et le partage. Que vous soyez f\u00e9ministe convaincu-e-s ou simplement curieux-se, n&rsquo;h\u00e9sitez pas \u00e0 apporter votre contribution et partager ce bout de chemin avec nous !<\/p>\n","protected":false},"author":23,"featured_media":0,"parent":0,"menu_order":0,"comment_status":"closed","ping_status":"closed","template":"","meta":{"footnotes":""},"class_list":["post-4907","page","type-page","status-publish","hentry"],"_links":{"self":[{"href":"https:\/\/conteurspro.fr\/site\/wp-json\/wp\/v2\/pages\/4907","targetHints":{"allow":["GET"]}}],"collection":[{"href":"https:\/\/conteurspro.fr\/site\/wp-json\/wp\/v2\/pages"}],"about":[{"href":"https:\/\/conteurspro.fr\/site\/wp-json\/wp\/v2\/types\/page"}],"author":[{"embeddable":true,"href":"https:\/\/conteurspro.fr\/site\/wp-json\/wp\/v2\/users\/23"}],"replies":[{"embeddable":true,"href":"https:\/\/conteurspro.fr\/site\/wp-json\/wp\/v2\/comments?post=4907"}],"version-history":[{"count":3,"href":"https:\/\/conteurspro.fr\/site\/wp-json\/wp\/v2\/pages\/4907\/revisions"}],"predecessor-version":[{"id":4915,"href":"https:\/\/conteurspro.fr\/site\/wp-json\/wp\/v2\/pages\/4907\/revisions\/4915"}],"wp:attachment":[{"href":"https:\/\/conteurspro.fr\/site\/wp-json\/wp\/v2\/media?parent=4907"}],"curies":[{"name":"wp","href":"https:\/\/api.w.org\/{rel}","templated":true}]}}