{"id":4982,"date":"2025-12-08T17:32:17","date_gmt":"2025-12-08T16:32:17","guid":{"rendered":"https:\/\/conteurspro.fr\/site\/?page_id=4982"},"modified":"2025-12-08T18:20:44","modified_gmt":"2025-12-08T17:20:44","slug":"conte-plantes-et-sensibilisation-a-la-nature","status":"publish","type":"page","link":"https:\/\/conteurspro.fr\/site\/conte-plantes-et-sensibilisation-a-la-nature\/","title":{"rendered":"Conte, plantes et sensibilisation \u00e0 la nature"},"content":{"rendered":"\n<p>Au programme, deux jours de rencontres, \u00e9changes sur le r\u00e9pertoire v\u00e9g\u00e9tal, le lien entre r\u00e9cits et savoir-faire concrets, visite des jardins, usages traditionnels des plantes, partage de ressources et plus si affinit\u00e9s.<\/p>\n\n\n\n<p id=\"isPasted\"><strong>Date : 1<sup>er<\/sup>&nbsp;et 02 avril COMPLET<\/strong><\/p>\n\n\n\n<p id=\"isPasted\"><strong>Lieu : A la Maison du L\u00e9gendaire V\u00e9g\u00e9tale, Estivareille<\/strong>, 43440 Saint-Didier-sur-Doulon chez Patrick Rochedy<\/p>\n\n\n\n<p id=\"isPasted\">Proposantes : Oph\u00e9lie M. et Fran\u00e7oise B.&nbsp;<\/p>\n\n\n\n<p>Inscription et infos :&nbsp;<a href=\"&#109;&#x61;&#x69;l&#116;&#x6f;&#x3a;o&#112;&#x68;e&#108;&#x69;&#x65;1&#55;&#x38;9&#64;&#x67;&#x6d;a&#105;&#x6c;&#x2e;&#99;&#x6f;&#x6d;\">&#x6f;p&#x68;e&#x6c;&#105;&#x65;&#49;7&#x38;9&#x40;&#103;&#x6d;&#97;&#x69;&#108;&#46;&#x63;o&#x6d;<\/a>&nbsp;et&nbsp;<a href=\"&#109;&#x61;&#105;&#x6c;&#116;&#x6f;:&#x62;a&#114;&#x72;&#101;&#x74;&#45;&#x66;r&#x61;n&#99;&#x6f;&#105;&#x73;&#101;&#x40;&#111;&#x72;a&#x6e;g&#101;&#x2e;&#102;&#x72;\">&#x62;&#x61;&#x72;&#x72;&#x65;&#x74;&#x2d;&#102;&#114;&#97;&#110;&#99;oise&#x40;&#x6f;&#x72;&#x61;&#x6e;&#x67;&#x65;&#x2e;&#102;&#114;<\/a><\/p>\n","protected":false},"excerpt":{"rendered":"<p>Au programme, deux jours de rencontres, \u00e9changes sur le r\u00e9pertoire v\u00e9g\u00e9tal, le lien entre r\u00e9cits et savoir-faire concrets, visite des jardins, usages traditionnels des plantes, partage de ressources et plus si affinit\u00e9s. Date : 1er&nbsp;et 02 avril COMPLET Lieu : A la Maison du L\u00e9gendaire V\u00e9g\u00e9tale, Estivareille, 43440 Saint-Didier-sur-Doulon chez Patrick Rochedy Proposantes : Oph\u00e9lie M. et Fran\u00e7oise B.&nbsp; Inscription et infos :&nbsp;ophe&#108;&#105;&#101;&#49;&#55;&#56;&#57;&#x40;&#x67;&#x6d;&#x61;&#x69;&#x6c;&#x2e;&#x63;&#x6f;m&nbsp;et&nbsp;&#x62;&#97;&#114;&#x72;&#x65;&#116;&#45;&#x66;&#x72;&#97;&#110;&#x63;&#x6f;&#105;&#115;&#x65;&#x40;&#111;&#114;&#x61;&#x6e;&#103;&#101;&#x2e;&#x66;&#114;<\/p>\n","protected":false},"author":23,"featured_media":4993,"parent":0,"menu_order":0,"comment_status":"closed","ping_status":"closed","template":"","meta":{"footnotes":""},"class_list":["post-4982","page","type-page","status-publish","has-post-thumbnail","hentry"],"_links":{"self":[{"href":"https:\/\/conteurspro.fr\/site\/wp-json\/wp\/v2\/pages\/4982","targetHints":{"allow":["GET"]}}],"collection":[{"href":"https:\/\/conteurspro.fr\/site\/wp-json\/wp\/v2\/pages"}],"about":[{"href":"https:\/\/conteurspro.fr\/site\/wp-json\/wp\/v2\/types\/page"}],"author":[{"embeddable":true,"href":"https:\/\/conteurspro.fr\/site\/wp-json\/wp\/v2\/users\/23"}],"replies":[{"embeddable":true,"href":"https:\/\/conteurspro.fr\/site\/wp-json\/wp\/v2\/comments?post=4982"}],"version-history":[{"count":1,"href":"https:\/\/conteurspro.fr\/site\/wp-json\/wp\/v2\/pages\/4982\/revisions"}],"predecessor-version":[{"id":4983,"href":"https:\/\/conteurspro.fr\/site\/wp-json\/wp\/v2\/pages\/4982\/revisions\/4983"}],"wp:featuredmedia":[{"embeddable":true,"href":"https:\/\/conteurspro.fr\/site\/wp-json\/wp\/v2\/media\/4993"}],"wp:attachment":[{"href":"https:\/\/conteurspro.fr\/site\/wp-json\/wp\/v2\/media?parent=4982"}],"curies":[{"name":"wp","href":"https:\/\/api.w.org\/{rel}","templated":true}]}}

Conte, plantes et sensibilisation à la nature

<p>Au programme, deux jours de rencontres, échanges sur le répertoire végétal, le lien entre récits et savoir-faire concrets, visite des jardins, usages traditionnels des plantes, partage de ressources et plus si affinités.</p>



<p id="isPasted"><strong>Date : 1<sup>er</sup>&nbsp;et 02 avril COMPLET</strong></p>



<p id="isPasted"><strong>Lieu : A la Maison du Légendaire Végétale, Estivareille</strong>, 43440 Saint-Didier-sur-Doulon chez Patrick Rochedy</p>



<p id="isPasted">Proposantes : Ophélie M. et Françoise B.&nbsp;</p>



<p>Inscription et infos :&nbsp;<a href="&#109;&#x61;&#x69;l&#116;&#x6f;&#x3a;o&#112;&#x68;e&#108;&#x69;&#x65;1&#55;&#x38;9&#64;&#x67;&#x6d;a&#105;&#x6c;&#x2e;&#99;&#x6f;&#x6d;">&#x6f;p&#x68;e&#x6c;&#105;&#x65;&#49;7&#x38;9&#x40;&#103;&#x6d;&#97;&#x69;&#108;&#46;&#x63;o&#x6d;</a>&nbsp;et&nbsp;<a href="&#109;&#x61;&#105;&#x6c;&#116;&#x6f;:&#x62;a&#114;&#x72;&#101;&#x74;&#45;&#x66;r&#x61;n&#99;&#x6f;&#105;&#x73;&#101;&#x40;&#111;&#x72;a&#x6e;g&#101;&#x2e;&#102;&#x72;">&#x62;&#x61;&#x72;&#x72;&#x65;&#x74;&#x2d;&#102;&#114;&#97;&#110;&#99;oise&#x40;&#x6f;&#x72;&#x61;&#x6e;&#x67;&#x65;&#x2e;&#102;&#114;</a></p>

<p>Au programme, deux jours de rencontres, échanges sur le répertoire végétal, le lien entre récits et savoir-faire concrets, visite des jardins, usages traditionnels des plantes, partage de ressources et plus si affinités. Date : 1er&nbsp;et 02 avril COMPLET Lieu : A la Maison du Légendaire Végétale, Estivareille, 43440 Saint-Didier-sur-Doulon chez Patrick Rochedy Proposantes : Ophélie M. et Françoise B.&nbsp; Inscription et infos :&nbsp;ophe&#108;&#105;&#101;&#49;&#55;&#56;&#57;&#x40;&#x67;&#x6d;&#x61;&#x69;&#x6c;&#x2e;&#x63;&#x6f;m&nbsp;et&nbsp;&#x62;&#97;&#114;&#x72;&#x65;&#116;&#45;&#x66;&#x72;&#97;&#110;&#x63;&#x6f;&#105;&#115;&#x65;&#x40;&#111;&#114;&#x61;&#x6e;&#103;&#101;&#x2e;&#x66;&#114;</p>
