{"id":5197,"date":"2026-01-12T14:31:05","date_gmt":"2026-01-12T13:31:05","guid":{"rendered":"https:\/\/conteurspro.fr\/site\/?page_id=5197"},"modified":"2026-02-24T13:31:12","modified_gmt":"2026-02-24T12:31:12","slug":"commission-transmission","status":"publish","type":"page","link":"https:\/\/conteurspro.fr\/site\/commission-transmission\/","title":{"rendered":"Commission Transmissions"},"content":{"rendered":"<div class=\"wp-block-image\">\n<figure class=\"aligncenter size-full is-resized\"><img loading=\"lazy\" decoding=\"async\" width=\"498\" height=\"427\" src=\"https:\/\/conteurspro.fr\/site\/wp-content\/uploads\/2026\/02\/Commission-Transmission.png\" alt=\"\" class=\"wp-image-5406\" style=\"aspect-ratio:1.1663251116153115;width:327px;height:auto\" srcset=\"https:\/\/conteurspro.fr\/site\/wp-content\/uploads\/2026\/02\/Commission-Transmission.png 498w, https:\/\/conteurspro.fr\/site\/wp-content\/uploads\/2026\/02\/Commission-Transmission-300x257.png 300w\" sizes=\"auto, (max-width: 498px) 100vw, 498px\" \/><\/figure>\n<\/div>\n\n\n<p><\/p>\n\n\n\n<p>La commission Transmissions est n\u00e9e lors de l\u2019AG de septembre 2025 d\u2019une volont\u00e9 de r\u00e9pondre aux besoins d&rsquo;\u00e9change des conteureuses qui font leurs premiers pas dans la professionnalisation. Mais pas seulement ! Au sein de la commission se retrouvent \u00e9galement des conteureuses exp\u00e9riment\u00e9.e.s qui souhaitent transmettre leur exp\u00e9rience. Cette commission est alors un espace d&rsquo;exp\u00e9rimentation de compagnonnage, o\u00f9 les diff\u00e9rentes g\u00e9n\u00e9rations de conteureuses se rencontrent.<\/p>\n\n\n\n<p>La commission se r\u00e9unit r\u00e9guli\u00e8rement pour \u00e9changer sur des th\u00e9matiques telles que :<\/p>\n\n\n\n<p>&nbsp;&nbsp;&nbsp;&nbsp;&#8211; les premiers pas de la recherche de r\u00e9pertoire<\/p>\n\n\n\n<p>&nbsp;&nbsp;&nbsp;&nbsp;&#8211; le partage d&rsquo;exp\u00e9rience de compagnonnage\/parrainage\/marrainage<\/p>\n\n\n\n<p>&nbsp;&nbsp;&nbsp; &#8211; la production des spectacles de conte<\/p>\n\n\n\n<p>Ces th\u00e9matiques \u00e9manent des souhaits et besoins des membres de la commission.<\/p>\n\n\n\n<p>La commission Transmissions a cette particularit\u00e9 d&rsquo;\u00eatre transversale, c\u2019est-\u00e0-dire qu\u2019elle croise les diff\u00e9rentes th\u00e9matiques abord\u00e9es dans les autres commissions de l&rsquo;APACC : r\u00e9pertoire, \u00e9galit\u00e9, international&#8230;<\/p>\n\n\n\n<h2 class=\"wp-block-heading\">Actions :<\/h2>\n\n\n\n<p>\u00ab&nbsp;<strong>Comment produire son spectacle&nbsp;de conte<\/strong>&nbsp;\u00bb le 20 janvier de 10h \u00e0 12h en visio.<\/p>\n\n\n\n<p>\u00ab&nbsp;<em>C\u2019est quoi une production ? A quoi \u00e7a sert ? Comment m\u2019y prendre ? Quelles sont les \u00e9tapes \u00e0 ne pas manquer ? A qui m\u2019adresser ? O\u00f9 trouver des appuis pour soutenir ma d\u00e9marche ? Pendant la premi\u00e8re heure nous vous partagerons les r\u00e9ponses \u00e0 ces diff\u00e9rentes questions. La deuxi\u00e8me heure sera d\u00e9di\u00e9e aux \u00e9changes, \u00e0 vos questions, aux prolongements autour des diff\u00e9rentes informations partag\u00e9es<\/em>.&nbsp;\u00bb<\/p>\n\n\n\n<p>Suite \u00e0 la visio, un document d\u00e9taillant les \u00e9tapes de production a \u00e9t\u00e9 r\u00e9alis\u00e9, le voici ci-dessous. <\/p>\n\n\n\n<div data-wp-interactive=\"core\/file\" class=\"wp-block-file\"><object data-wp-bind--hidden=\"!state.hasPdfPreview\" hidden class=\"wp-block-file__embed\" data=\"https:\/\/conteurspro.fr\/site\/wp-content\/uploads\/2026\/01\/Doc-Produire-son-spectacle-de-conte.pdf\" type=\"application\/pdf\" style=\"width:100%;height:600px\" aria-label=\"Contenu embarqu\u00e9 Doc Produire son spectacle de conte.\"><\/object><a id=\"wp-block-file--media-d716a119-5a11-4c38-ad0d-513948beeb79\" href=\"https:\/\/conteurspro.fr\/site\/wp-content\/uploads\/2026\/01\/Doc-Produire-son-spectacle-de-conte.pdf\">Doc Produire son spectacle de conte<\/a><a href=\"https:\/\/conteurspro.fr\/site\/wp-content\/uploads\/2026\/01\/Doc-Produire-son-spectacle-de-conte.pdf\" class=\"wp-block-file__button wp-element-button\" download aria-describedby=\"wp-block-file--media-d716a119-5a11-4c38-ad0d-513948beeb79\">T\u00e9l\u00e9charger<\/a><\/div>\n","protected":false},"excerpt":{"rendered":"<p>La commission Transmissions est n\u00e9e lors de l\u2019AG de septembre 2025 d\u2019une volont\u00e9 de r\u00e9pondre aux besoins d&rsquo;\u00e9change des conteureuses qui font leurs premiers pas dans la professionnalisation. Mais pas seulement ! Au sein de la commission se retrouvent \u00e9galement des conteureuses exp\u00e9riment\u00e9.e.s qui souhaitent transmettre leur exp\u00e9rience. Cette commission est alors un espace d&rsquo;exp\u00e9rimentation de compagnonnage, o\u00f9 les diff\u00e9rentes g\u00e9n\u00e9rations de conteureuses se rencontrent. La commission se r\u00e9unit r\u00e9guli\u00e8rement pour \u00e9changer sur des th\u00e9matiques telles que : &nbsp;&nbsp;&nbsp;&nbsp;&#8211; les premiers pas de la recherche de r\u00e9pertoire &nbsp;&nbsp;&nbsp;&nbsp;&#8211; le partage d&rsquo;exp\u00e9rience de compagnonnage\/parrainage\/marrainage &nbsp;&nbsp;&nbsp; &#8211; la production des spectacles de conte Ces th\u00e9matiques \u00e9manent des souhaits et besoins des membres de la commission. La commission Transmissions a cette particularit\u00e9 d&rsquo;\u00eatre transversale, c\u2019est-\u00e0-dire qu\u2019elle croise les diff\u00e9rentes th\u00e9matiques abord\u00e9es dans les autres commissions de l&rsquo;APACC : r\u00e9pertoire, \u00e9galit\u00e9, international&#8230; Actions : \u00ab&nbsp;Comment produire son spectacle&nbsp;de conte&nbsp;\u00bb le 20 janvier de 10h \u00e0 12h en visio. \u00ab&nbsp;C\u2019est quoi une production ? A quoi \u00e7a sert ? Comment m\u2019y prendre ? Quelles sont les \u00e9tapes \u00e0 ne pas manquer ? A qui m\u2019adresser ? O\u00f9 trouver des appuis pour soutenir ma d\u00e9marche ? Pendant la premi\u00e8re heure nous vous partagerons les r\u00e9ponses \u00e0 ces diff\u00e9rentes questions. La deuxi\u00e8me heure sera d\u00e9di\u00e9e aux \u00e9changes, \u00e0 vos questions, aux prolongements autour des diff\u00e9rentes informations partag\u00e9es.&nbsp;\u00bb Suite \u00e0 la visio, un document d\u00e9taillant les \u00e9tapes de production a \u00e9t\u00e9 r\u00e9alis\u00e9, le voici ci-dessous.<\/p>\n","protected":false},"author":23,"featured_media":0,"parent":0,"menu_order":0,"comment_status":"closed","ping_status":"closed","template":"","meta":{"footnotes":""},"class_list":["post-5197","page","type-page","status-publish","hentry"],"_links":{"self":[{"href":"https:\/\/conteurspro.fr\/site\/wp-json\/wp\/v2\/pages\/5197","targetHints":{"allow":["GET"]}}],"collection":[{"href":"https:\/\/conteurspro.fr\/site\/wp-json\/wp\/v2\/pages"}],"about":[{"href":"https:\/\/conteurspro.fr\/site\/wp-json\/wp\/v2\/types\/page"}],"author":[{"embeddable":true,"href":"https:\/\/conteurspro.fr\/site\/wp-json\/wp\/v2\/users\/23"}],"replies":[{"embeddable":true,"href":"https:\/\/conteurspro.fr\/site\/wp-json\/wp\/v2\/comments?post=5197"}],"version-history":[{"count":5,"href":"https:\/\/conteurspro.fr\/site\/wp-json\/wp\/v2\/pages\/5197\/revisions"}],"predecessor-version":[{"id":5408,"href":"https:\/\/conteurspro.fr\/site\/wp-json\/wp\/v2\/pages\/5197\/revisions\/5408"}],"wp:attachment":[{"href":"https:\/\/conteurspro.fr\/site\/wp-json\/wp\/v2\/media?parent=5197"}],"curies":[{"name":"wp","href":"https:\/\/api.w.org\/{rel}","templated":true}]}}